{"id":10163,"date":"2018-05-03T18:02:03","date_gmt":"2018-05-03T18:02:03","guid":{"rendered":"http:\/\/wiesenhausen.de\/?page_id=10163"},"modified":"2018-05-03T18:02:03","modified_gmt":"2018-05-03T18:02:03","slug":"reichswahlen-1818","status":"publish","type":"page","link":"https:\/\/wiesenhausen.de\/?page_id=10163","title":{"rendered":"Reichswahlen 1818"},"content":{"rendered":"<p>In diesem Jahr stehen in Meadowhouse wieder einmal die Reichswahlen an. Dies ist der Oberbegriff f\u00fcr die stets im selben Jahr stattfindenden Parlaments- und K\u00f6nigswahlen im Staat. Aufgrund der \u00c4nderung des Wahlrechts beinhalten die diesj\u00e4hrigen Reichswahlen, die erst die dritten Wahlen in Meadowhouse nach 1810 und 1814 \u00fcberhaupt sind, zudem noch eine Vorwahl f\u00fcr die Kandidatur um das K\u00f6nigsamt. Somit wird insgesamt eigentlich also drei Mal gew\u00e4hlt: Zun\u00e4chst wird in den sechs Herzogt\u00fcmern abgestimmt, welchen der jeweils von einem Herzogtum antretenden Kandidaten man im September gegen Amtsinhaber K\u00f6nig Johannes I. antreten lassen will, danach folgt im September die Stichwahl zwischen dem ermittelten Kandidaten und K\u00f6nig Johannes. Meist vor der Stichwahl im Kampf um das K\u00f6nigsamt finden zudem noch die Parlamentswahlen statt, in denen die neue Exekutive von Meadowhouse, also die Regierungskoalition, bestimmt wird.<\/p>\n<p>Damit werden also innerhalb eines Jahres s\u00e4mtliche hohen \u00c4mter in der Meadowhousischen Politik zur Wahl gestellt, was auf der Lieben Welt ein bisher einzigartiges Verfahren darstellt. Nat\u00fcrlich beeinflussen sich die jeweiligen Wahlen auch untereinander, sodass man davon ausgehen kann, je nachdem wie die Vorwahlen ausgehen, eine entsprechende politische Sto\u00dfrichtung auch in den Parlamentswahlen stattfinden kann. Die Vorwahlen um das Amt des K\u00f6nigs beginnen im Mai und enden im Juni, w\u00e4hrend Parlaments- und K\u00f6nigsstichwahl traditionell im September stattfinden werden. In dieser Rubrik werden s\u00e4mtliche Ergebnisse der Vor-, Parlaments- und K\u00f6nigsstichwahlen ver\u00f6ffentlicht und analysiert.<\/p>\n","protected":false},"excerpt":{"rendered":"<p>In diesem Jahr stehen in Meadowhouse wieder einmal die Reichswahlen an. Dies ist der Oberbegriff f\u00fcr die stets im selben Jahr stattfindenden Parlaments- und K\u00f6nigswahlen im Staat. Aufgrund der \u00c4nderung des Wahlrechts beinhalten die diesj\u00e4hrigen Reichswahlen, die erst die dritten Wahlen in Meadowhouse nach 1810 und 1814 \u00fcberhaupt sind, zudem noch eine Vorwahl f\u00fcr die Kandidatur um das K\u00f6nigsamt. Somit wird insgesamt eigentlich also drei Mal gew\u00e4hlt: Zun\u00e4chst wird in den sechs Herzogt\u00fcmern abgestimmt, welchen der jeweils von einem Herzogtum antretenden Kandidaten man im September gegen Amtsinhaber K\u00f6nig Johannes I. antreten lassen will, danach folgt im September die Stichwahl zwischen dem ermittelten Kandidaten und K\u00f6nig Johannes. Meist vor der Stichwahl <a class=\"more-link\" href=\"https:\/\/wiesenhausen.de\/?page_id=10163\">Continue Reading \u2192<\/a><\/p>\n","protected":false},"author":1,"featured_media":0,"parent":0,"menu_order":0,"comment_status":"closed","ping_status":"closed","template":"","meta":{"footnotes":""},"class_list":["post-10163","page","type-page","status-publish","hentry"],"_links":{"self":[{"href":"https:\/\/wiesenhausen.de\/index.php?rest_route=\/wp\/v2\/pages\/10163","targetHints":{"allow":["GET"]}}],"collection":[{"href":"https:\/\/wiesenhausen.de\/index.php?rest_route=\/wp\/v2\/pages"}],"about":[{"href":"https:\/\/wiesenhausen.de\/index.php?rest_route=\/wp\/v2\/types\/page"}],"author":[{"embeddable":true,"href":"https:\/\/wiesenhausen.de\/index.php?rest_route=\/wp\/v2\/users\/1"}],"replies":[{"embeddable":true,"href":"https:\/\/wiesenhausen.de\/index.php?rest_route=%2Fwp%2Fv2%2Fcomments&post=10163"}],"version-history":[{"count":1,"href":"https:\/\/wiesenhausen.de\/index.php?rest_route=\/wp\/v2\/pages\/10163\/revisions"}],"predecessor-version":[{"id":10164,"href":"https:\/\/wiesenhausen.de\/index.php?rest_route=\/wp\/v2\/pages\/10163\/revisions\/10164"}],"wp:attachment":[{"href":"https:\/\/wiesenhausen.de\/index.php?rest_route=%2Fwp%2Fv2%2Fmedia&parent=10163"}],"curies":[{"name":"wp","href":"https:\/\/api.w.org\/{rel}","templated":true}]}}