{"id":13852,"date":"2019-07-07T17:42:35","date_gmt":"2019-07-07T17:42:35","guid":{"rendered":"http:\/\/wiesenhausen.de\/?page_id=13852"},"modified":"2026-04-23T17:15:54","modified_gmt":"2026-04-23T17:15:54","slug":"premiere-cup-der-ligameister","status":"publish","type":"page","link":"https:\/\/wiesenhausen.de\/?page_id=13852","title":{"rendered":"Premiere Cup der Ligameister"},"content":{"rendered":"<p>Im Premiere Cup der Ligameister treffen insgesamt 32 Meister aus je einer Liga aufeinander. Diese Form des Spielbetriebs existiert seit 1819 und wurde aufgrund einer Reform im internationalen Vereinsfu\u00dfball eingef\u00fchrt, die den ehemals stattfindenden Premiere Cup in insgesamt drei Wettbewerbe aufteilte. Der Premiere Cup der Ligameister ist in diesem Zusammenhang wohl der prestigetr\u00e4chtigste Wettbewerb, da sein Sieger gut und gerne als beste Vereinsmannschaft der Welt angesehen werden kann. Folge der Reform von 1819 war zudem, dass viele vormals eher unbekannte Ligen nun gegen etablierte Mannschaften aus denjenigen Ligen spielen k\u00f6nnen, die zuvor auch schon im alten Premiere Cup teilnahmen. Aus diesem Grund kann das neue System auch als ein deutlich mehr weltumspannendes System betrachtet werden als sein Vorg\u00e4ngermodell.<\/p>\n<p>Der Modus im Premiere Cup der Ligameister unterscheidet sich ebenfalls ma\u00dfgeblich von dem des alten Premiere Cups. Anstatt einer Gruppenphase zu Beginn gibt es nun nur noch Ausscheidungsspiele ab der ersten Runde, wobei in jeder Runde Hin- und R\u00fcckspiele bestritten werden. So kann es auch schon relativ fr\u00fch im Wettbewerb zu hochkar\u00e4tigen Duellen zwischen Mannschaften kommen. Letzte Saison gewann der FC St. Gravenhage aus Pang\u00e4a den Titel im Finale gegen den FK Edirne aus Avasjanrav. Das Finale der Spielzeit 1825\/26 wird im Skydome zu Wiesenhausen ausgetragen. Die Spiele beginnen stets um 20:45 Uhr.<\/p>\n<p><strong>Halbfinale (Hinspiele: 21.\/22.04. ; R\u00fcckspiele: 05.\/06.05.)<\/strong><\/p>\n<p>21.04.\u00a0 \u00a01.FC Theoflorencio &#8211; FK Marmaries\u00a0 \u00a0 \u00a0 \u00a0 \u00a0 \u00a0 0:1 (0:0)<br \/>\n<em>0:1 Pigues (56.)<\/em><\/p>\n<p>05.05.\u00a0 \u00a0FK Marmaries &#8211; 1.FC Theoflorencio \u00a0 \u00a0 \u00a0 \u00a0 \u00a0 -:-<\/p>\n<p>&nbsp;<\/p>\n<p>22.04.\u00a0 \u00a0FC St. Gravenhage &#8211; FC Westerloe\u00a0 \u00a0 \u00a0 \u00a0 \u00a0 1:1 (0:1)<br \/>\n<em>0:1 Cruz (28.), 1:1 Compass (90.+2)<\/em><\/p>\n<p>06.05.\u00a0 \u00a0FC Westerloe &#8211; FC St. Gravenhage\u00a0 \u00a0 \u00a0 \u00a0 \u00a0 -:-<\/p>\n<p>&nbsp;<\/p>\n<p><strong>Viertelfinale (Hinspiele: 24.\/25.02. ; R\u00fcckspiele: 10.\/11.03.)<\/strong><\/p>\n<p>24.02.\u00a0 \u00a0FC Paramaribo &#8211; FK Marmaries\u00a0 \u00a0 \u00a0 \u00a0 \u00a0 2:3 (1:2)<br \/>\n<em>0:1 Alfonso (11.), 1:1 Fionacci (17.), 1:2 Ramos (36.), 2:2 Esterna (53.), 2:3 da Carlos (78.)<\/em><\/p>\n<p>10.03.\u00a0 \u00a0<strong>FK Marmaries<\/strong> &#8211; FC Paramaribo\u00a0 \u00a0 \u00a0 \u00a0 \u00a0 4:0 (2:0)<br \/>\n<em>1:0 Ramos (6.), 2:0 Ramos (41.), 3:0 da Carlos (53.), 4:0 Siebenheimer (78.)<\/em><\/p>\n<p>24.02.\u00a0 \u00a0FC Westerloe &#8211; FK Halden\u00a0 \u00a0 \u00a0 \u00a0 \u00a0 1:2 (1:0)<br \/>\n<em>1:0 Wood (33.), 1:1 Veracruz (49.), 1:2 Hofer (70.)<\/em><\/p>\n<p>10.03.\u00a0 \u00a0FK Halden &#8211; <strong>FC Westerloe<\/strong>\u00a0 \u00a0 \u00a0 \u00a0 \u00a0 0:3 (0:1)<br \/>\n<em>0:1 Rykena (39.), 0:2 Cruz (70.), 0:3 Wood (86.)<\/em><\/p>\n<p>&nbsp;<\/p>\n<p>25.02.\u00a0 \u00a0AC Wanaso &#8211; FC St. Gravenhage\u00a0 \u00a0 \u00a0 \u00a0 \u00a0 \u00a0 1:2 (0:1)<br \/>\n<em>0:1 Compass (30.), 0:2 Olgarev (50.), 1:2 Miraha (85.)<\/em><\/p>\n<p>11.03.\u00a0 \u00a0<strong>FC St. Gravenhage<\/strong> &#8211; AC Wanaso\u00a0 \u00a0 \u00a0 \u00a0 \u00a0 \u00a0 3:2 (1:1)<br \/>\n<em>1:0 Marcingo (17.), 1:1 Barascu (34.), 2:1 Boroczinski (54.), 2:2 Miraha (75.), 3:2 Compass (80.)<\/em><\/p>\n<p>25.02.\u00a0 \u00a01.FC Theoflorencio &#8211; FK Edirne\u00a0 \u00a0 \u00a0 \u00a0 \u00a0 \u00a03:0 (1:0)<br \/>\n<em>1:0 Rothenberg (26.), 2:0 Dumartre (65.), 3:0 Renn (84.)<\/em><\/p>\n<p>11.03.\u00a0 \u00a0FK Edirne &#8211; <strong>1.FC Theoflorencio<\/strong>\u00a0 \u00a0 \u00a0 \u00a0 \u00a0 \u00a01:1 (0:0)<br \/>\n<em>0:1 Kankra (56.), 1:1 Espenberg (82.)<\/em><\/p>\n<p>&nbsp;<\/p>\n<p><strong>Achtelfinale (Hinspiele: 02.\/03.12. ; R\u00fcckspiele: 16.\/17.12.)<\/strong><\/p>\n<p>02.12.\u00a0 \u00a0AC Phoenix Wiesenhausen &#8211; FC St. Gravenhage\u00a0 \u00a0 \u00a0 \u00a0 \u00a0 0:4 (0:1)<br \/>\n<em>0:1 Compass (41.), 0:2 Marcingo (49.), 0:3 Boroczinski (67.), 0:4 Boroczinski (81.)<\/em><\/p>\n<p>16.12.\u00a0 \u00a0<strong>FC St. Gravenhage<\/strong> &#8211; AC Phoenix Wiesenhausen\u00a0 \u00a0 \u00a0 \u00a0 \u00a02:2 (1:1)<br \/>\n<em>1:0 Compass (11.), 1:1 Salamanca (44.), 1:2 Dosmanos (65.), 2:2 Boroczinski (87.)<\/em><\/p>\n<p>02.12.\u00a0 \u00a0FC Westerloe &#8211; FBV Valreuth\u00a0 \u00a0 \u00a0 \u00a0 \u00a0 2:1 (1:1)<br \/>\n<em>0:1 Dudin (9.), 1:1 Valdin (36.), 2:1 Taidis (57.)<\/em><\/p>\n<p>16.12.\u00a0 \u00a0FBV Valreuth &#8211; <strong>FC Westerloe<\/strong>\u00a0 \u00a0 \u00a0 \u00a0 \u00a0 0:3 (0:2)<br \/>\n<em>0:1 Rykena (22.), 0:2 Cruz (39.), 0:3 Valdin (56.)<\/em><\/p>\n<p>02.12.\u00a0 \u00a0FK Halden &#8211; BK Trivesta\u00a0 \u00a0 \u00a0 \u00a0 \u00a02:0 (2:0)<br \/>\n<em>1:0 Veracruz (5.), 2:0 Veracruz (26.)<\/em><\/p>\n<p>16.12.\u00a0 \u00a0BK Trivesta &#8211; <strong>FK Halden<\/strong>\u00a0 \u00a0 \u00a0 \u00a0 \u00a01:1 (0:1)<br \/>\n<em>0:1 Veracruz (25.), 1:1 Tisberg (64.)<\/em><\/p>\n<p>02.12.\u00a0 \u00a0AC Schneckdies &#8211; FK Marmaries\u00a0 \u00a0 \u00a0 \u00a0 \u00a0 2:3 (0:2)<br \/>\n<em>0:1 Ramos (17.), 0:2 da Carlos (37.), 1:2 Schneckdr\u00e9e (54.), 2:2 Schneckvanschitz (63.), 2:3 Ramos (87.)<\/em><\/p>\n<p>16.12.\u00a0 \u00a0<strong>FK Marmaries<\/strong> &#8211; AC Schneckdies\u00a0 \u00a0 \u00a0 \u00a0 \u00a0 3:0 (2:0)<br \/>\n<em>1:0 da Carlos (17.), 2:0 da Carlos (41.), 3:0 Schneckberg (63., ET)<\/em><\/p>\n<p>&nbsp;<\/p>\n<p>03.12.\u00a0 \u00a0AC Wanaso &#8211; UFC Wallabach\u00a0 \u00a0 \u00a0 \u00a0 \u00a0 4:1 (2:0)<br \/>\n<em>1:0 Olnas (15.), 2:0 Miraha (23.), 3:0 Miraha (52.), 3:1 Novodarski (66.), 4:1 Filani (88.)<\/em><\/p>\n<p>17.12.\u00a0 \u00a0UFC Wallabach &#8211; <strong>AC Wanaso<\/strong>\u00a0 \u00a0 \u00a0 \u00a0 \u00a0 1:2 (1:1)<br \/>\n<em>1:0 Steskov (26.), 1:1 Olnas (37.), 1:2 Olnas (74.)<\/em><\/p>\n<p>03.12.\u00a0 \u00a0FC Paramaribo &#8211; SF Vinnycjae\u00a0 \u00a0 \u00a0 \u00a0 2:0 (0:0)<br \/>\n<em>1:0 Meriano (56.), 2:0 Sk\u00f3ra (86.)<\/em><\/p>\n<p>17.12.\u00a0 \u00a0SF Vinnycjae &#8211; <strong>FC Paramaribo<\/strong>\u00a0 \u00a0 \u00a0 \u00a0 1:1 (0:1)<br \/>\n<em>0:1 Meriano (41.), 1:1 Coppe (90.)<\/em><\/p>\n<p>03.12.\u00a0 \u00a01.FC Theoflorencio &#8211; TV Express Rimal\u00a0 \u00a0 \u00a0 \u00a0 \u00a02:1 (1:1)<br \/>\n<em>1:0 Candrego (25.), 1:1 Stenjakovic (43.), 2:1 Dumartre (64.)<\/em><\/p>\n<p>17.12.\u00a0 \u00a0TV Express Rimal &#8211; <strong>1.FC Theoflorencio<\/strong>\u00a0 \u00a0 \u00a0 \u00a0 \u00a01:4 (1:1)<br \/>\n<em>0:1 Kankra (20.), 1:1 Stenjakovic (43.), 1:2 Dumartre (57.), 1:3 Candrego (69.), 1:4 Kankra (86.)<\/em><\/p>\n<p>03.12.\u00a0 \u00a0AC Diamantenhagen &#8211; FK Edirne\u00a0 \u00a0 \u00a0 \u00a0 \u00a02:2 (2:0)<br \/>\n<em>1:0 Rustenberger (27.), 2:0 Fernandez (36.), 2:1 Besinger (47.), 2:2 Rakovic (72.)<\/em><\/p>\n<p>17.12.\u00a0 \u00a0<strong>FK Edirne<\/strong> &#8211; AC Diamantenhagen\u00a0 \u00a0 \u00a0 \u00a0 \u00a01:0 (0:0)<br \/>\n<em>1:0 Besinger (83.)<\/em><\/p>\n<p>&nbsp;<\/p>\n<p><strong>1. Runde (Hinspiele: 28.\/29.10. ; R\u00fcckspiele: 11.\/12.11.)<\/strong><\/p>\n<p>28.10.\u00a0 \u00a0AC Phoenix Wiesenhausen &#8211; FC Delfinspitze\u00a0 \u00a0 \u00a0 \u00a0 \u00a0 1:0 (1:0)<br \/>\n<em>1:0 Stieglitz (10.)<\/em><\/p>\n<p>11.11.\u00a0 \u00a0FC Delfinspitze &#8211; <strong>AC Phoenix Wiesenhausen<\/strong>\u00a0 \u00a0 \u00a0 \u00a0 \u00a0 3:2 (1:1)<br \/>\n<em>0:1 Stieglitz (18.), 1:1 Dirkenbilk (36.), 2:1 V. Melonias (49.), 2:2 Dosmanos (72.), 3:2 E. Melonias (89.)<\/em><\/p>\n<p>28.10.\u00a0 \u00a0TV Express Rimal &#8211; 1.FC Rossburg\u00a0 \u00a0 \u00a0 \u00a0 \u00a0 2:1 (2:0)<br \/>\n<em>1:0 Verleek (23.), 2:0 Habbiano (39.), 2:1 Dokhij (64.)<\/em><\/p>\n<p>11.11.\u00a0 \u00a01.FC Rossburg &#8211; <strong>TV Express Rimal<\/strong>\u00a0 \u00a0 \u00a0 \u00a0 \u00a0 2:2 (2:0)<br \/>\n<em>1:0 Gregorsson (8.), 2:0 Menyo (39.), 2:1 Habbiano (69.), 2:2 Schotmann (87.)<\/em><\/p>\n<p>28.10.\u00a0 \u00a0FC Westerloe &#8211; SK Gr\u00f6waso\u00a0 \u00a0 \u00a0 \u00a0 \u00a03:1 (1:1)<br \/>\n<em>0:1 Moelberg (8.), 1:1 Wood (41.), 2:1 Rykena (49.), 3:1 Cruz (66.)<\/em><\/p>\n<p>11.11.\u00a0 \u00a0SK Gr\u00f6waso &#8211; <strong>FC Westerloe<\/strong>\u00a0 \u00a0 \u00a0 \u00a0 \u00a0 1:1 (1:0)<br \/>\n<em>1:0 Moelberg (25.), 1:1 Cruz (52.)<\/em><\/p>\n<p>28.10.\u00a0 \u00a01.FC Theoflorencio &#8211; Cachiacz FC\u00a0 \u00a0 \u00a0 \u00a0 \u00a0 \u00a04:1 (2:1)<br \/>\n<em>1:0 Dumartre (7.), 2:0 Kankra (17.), 2:1 Bagaric (33.), 3:1 Candrego (58.), 4:1 Dumartre (69.)<\/em><\/p>\n<p>11.11.\u00a0 \u00a0Cachiacz FC &#8211; <strong>1.FC Theoflorencio<\/strong>\u00a0 \u00a0 \u00a0 \u00a0 \u00a0 \u00a00:2 (0:1)<br \/>\n<em>0:1 Dumartre (43.), 0:2 Candrego (64.)<\/em><\/p>\n<p>28.10.\u00a0 \u00a0FC St. Gravenhage &#8211; Vorw\u00e4rts Quezo\u00a0 \u00a0 \u00a0 \u00a0 \u00a0 0:2 (0:0)<br \/>\n<em>0:1 Manny (52.), 0:2 Rolinio (89.)<\/em><\/p>\n<p>11.11.\u00a0 \u00a0Vorw\u00e4rts Quezo &#8211; <strong>FC St. Gravenage<\/strong>\u00a0 \u00a0 \u00a0 \u00a0 \u00a0 0:2 (0:1)\u00a0 n.V. 0:4 (0:3)<em><br \/>\n0:1 Compass (22.), 0:2 Emiliano (65.), 0:3 Marcingo (103.), 0:4 Oerezaca (109.)<\/em><\/p>\n<p>28.10.\u00a0 \u00a0FC Paramaribo &#8211; Schneekristall Levoria\u00a0 \u00a0 \u00a0 \u00a0 \u00a0 1:0 (1:0)<br \/>\n<em>1:0 Fionacci (22.)<\/em><\/p>\n<p>11.11.\u00a0 \u00a0Schneekristall Levoria &#8211; <strong>FC Paramaribo<\/strong>\u00a0 \u00a0 \u00a0 \u00a0 \u00a0 1:1 (1:0)<br \/>\n<em>1:0 Frosthand (29.), 1:1 Fodera (54.)<\/em><\/p>\n<p>28.10.\u00a0 \u00a0FBV Valreuth &#8211; SV Stadt am Ufer\u00a0 \u00a0 \u00a0 \u00a0 \u00a03:2 (2:1)<br \/>\n<em>1:0 Dudin (12.), 2:0 Guillaume (27.), 2:1 Santana (44.), 3:1 Ventura (65.), 3:2 Santana (83.)<\/em><\/p>\n<p>11.11.\u00a0 \u00a0SV Stadt am Ufer &#8211; <strong>FBV Valreuth<\/strong>\u00a0 \u00a0 \u00a0 \u00a0 \u00a01:1 (1:1)<br \/>\n<em>1:0 Santana (4.), 1:1 Dudin (38.)<\/em><\/p>\n<p>28.10.\u00a0 \u00a0AC Wanaso &#8211; AC Irvinia\u00a0 \u00a0 \u00a0 \u00a0 \u00a0 3:1 (2:0)<br \/>\n<em>1:0 Ramirez (26.), 2:0 Ramirez (36.), 2:1 Voggi (60.), 3:1 Olnas (87.)<\/em><\/p>\n<p>11.11.\u00a0 \u00a0AC Irvinia &#8211; <strong>AC Wanaso<\/strong>\u00a0 \u00a0 \u00a0 \u00a0 \u00a0 \u00a01:3 (0:2)<br \/>\n<em>0:1 Miraha (15.), 0:2 Ramirez (45.), 0:3 Olnas (63.), 1:3 Comiggiani (86.)<\/em><\/p>\n<p>&nbsp;<\/p>\n<p>29.10.\u00a0 \u00a0SF Vinnycjae &#8211; AEF Anfalas\u00a0 \u00a0 \u00a0 \u00a0 \u00a03:1 (2:1)<br \/>\n<em>0:1 Bernold (5.), 1:1 Franciszek (20.), 2:1 Franciszek (45.), 3:1 Franciszek (55.)<\/em><\/p>\n<p>12.11.\u00a0 \u00a0AEF Anfalas &#8211; <strong>SF Vinnycjae<\/strong>\u00a0 \u00a0 \u00a0 \u00a0 \u00a01:0 (1:0)<br \/>\n<em>1:0 Marenge (36.)<\/em><\/p>\n<p>29.10.\u00a0 \u00a0FK Maramaries &#8211; FC Dorfmark\u00a0 \u00a0 \u00a0 \u00a0 \u00a01:2 (0:1)<br \/>\n<em>0:1 Umbertovic (26.), 0:2 Theobaldos (51.), 1:2 Ramos (87.)<\/em><\/p>\n<p>12.11.\u00a0 \u00a0FC Dorfmark &#8211; <strong>FK Marmaries<\/strong>\u00a0 \u00a0 \u00a0 \u00a0 \u00a01:3 (1:1)<br \/>\n<em>0:1 Almotu (6.), 1:1 Umbertovic (33.), 1:2 O&#8217;Bride (54.), 1:3 da Carlos (64.)<\/em><\/p>\n<p>29.10.\u00a0 \u00a0FC St. Viken &#8211; UFC Wallabach\u00a0 \u00a0 \u00a0 \u00a0 \u00a01:1 (1:1)<br \/>\n<em>1:0 Kameo (14.), 1:1 Novodarski (33.)<\/em><\/p>\n<p>12.11.\u00a0 \u00a0<strong>UFC Wallabach<\/strong> &#8211; FC St. Viken\u00a0 \u00a0 \u00a0 \u00a0 \u00a00:0 (0:0)<\/p>\n<p>29.10.\u00a0 \u00a0AC Schneckdies &#8211; SK Delfinien\u00a0 \u00a0 \u00a0 \u00a0 6:0 (3:0)<br \/>\n<em>1:0 Schneckvanschitz (4.), 2:0 Schneckvanschitz (19.), 3:0 Riedlinger (35.), 4:0 Schneckdr\u00e9e (56.), 5:0 Riedlinger (72.), 6:0 Erolschneck (86.)<\/em><\/p>\n<p>12.11.\u00a0 \u00a0SK Delfinien &#8211; <strong>AC Schneckdies<\/strong>\u00a0 \u00a0 \u00a0 \u00a0 3:2 (1:1)<br \/>\n<em>1:0 Sheman (10.), 1:1 Riedlinger (36.), 2:1 S. Melonias (60.), 3:1 Sheman (65.), 3:2 Schneckdr\u00e9e (78.)<\/em><\/p>\n<p>29.10.\u00a0 \u00a0FK Halden &#8211; AKS Visselle\u00a0 \u00a0 \u00a0 \u00a0 \u00a01:3 (0:1)<br \/>\n<em>0:1 Abrassimov (39.), 0:2 Jonal (59.), 1:2 Veracruz (66.), 1:3 Jonal (78.)<\/em><\/p>\n<p>12.11.\u00a0 \u00a0AKS Visselle &#8211; <strong>FK Halden<\/strong>\u00a0 \u00a0 \u00a0 \u00a0 \u00a00:4 (0:3)<br \/>\n<em>0:1 J\u00e4ger (5.), 0:2 Vossmann (21.), 0:3 Vossmann (41.), 0:4 J\u00e4ger (65.)<\/em><\/p>\n<p>29.10.\u00a0 \u00a0BK Trivesta &#8211; SV Maigrand\u00a0 \u00a0 \u00a0 \u00a0 \u00a04:1 (3:0)<br \/>\n<em>1:0 Suhlberg (9.), 2:0 Filipovic (24.), 3:0 Filipovic (45.+3), 4:0 Thomsen (47.), 4:1 Calapeno (74.)<\/em><\/p>\n<p>12.11.\u00a0 \u00a0SV Maigrand &#8211; <strong>BK Trivesta<\/strong>\u00a0 \u00a0 \u00a0 \u00a0 \u00a00:1 (0:1)<br \/>\n<em>0:1 Filipovic (35.)<\/em><\/p>\n<p>29.10.\u00a0 \u00a0FK Edirne &#8211; 1.FC Madling\u00a0 \u00a0 \u00a0 \u00a0 \u00a03:1 (2:1)<br \/>\n<em>1:0 Besinger (13.), 2:0 Ohlmann (27.), 2:1 Meseburger (36.), 3:1 Besinger (84.)<\/em><\/p>\n<p>12.11.\u00a0 \u00a01.FC Madling &#8211; <strong>FK Edirne<\/strong>\u00a0 \u00a0 \u00a0 \u00a0 1:2 (0:2)<br \/>\n<em>0:1 Besinger (14.), 0:2 Besinger (44.), 1:2 Stevensen (87.)<\/em><\/p>\n<p>29.10.\u00a0 \u00a0AC Diamantenhagen &#8211; FK Ventspils\u00a0 \u00a0 \u00a0 \u00a0 \u00a01:0 (0:0)<br \/>\n<em>1:0 Climis (68.)<\/em><\/p>\n<p>12.11.\u00a0 \u00a0FK Ventspils &#8211; <strong>AC Diamantenhagen<\/strong>\u00a0 \u00a0 \u00a0 \u00a0 \u00a00:2 (0:1)<br \/>\n<em>0:1 Steinmann (29.), 0:2 Fernandez (47.)<\/em><\/p>\n","protected":false},"excerpt":{"rendered":"<p>Im Premiere Cup der Ligameister treffen insgesamt 32 Meister aus je einer Liga aufeinander. Diese Form des Spielbetriebs existiert seit 1819 und wurde aufgrund einer Reform im internationalen Vereinsfu\u00dfball eingef\u00fchrt, die den ehemals stattfindenden Premiere Cup in insgesamt drei Wettbewerbe aufteilte. Der Premiere Cup der Ligameister ist in diesem Zusammenhang wohl der prestigetr\u00e4chtigste Wettbewerb, da sein Sieger gut und gerne als beste Vereinsmannschaft der Welt angesehen werden kann. Folge der Reform von 1819 war zudem, dass viele vormals eher unbekannte Ligen nun gegen etablierte Mannschaften aus denjenigen Ligen spielen k\u00f6nnen, die zuvor auch schon im alten Premiere Cup teilnahmen. Aus diesem Grund kann das neue System auch als ein deutlich <a class=\"more-link\" href=\"https:\/\/wiesenhausen.de\/?page_id=13852\">Continue Reading \u2192<\/a><\/p>\n","protected":false},"author":1,"featured_media":0,"parent":0,"menu_order":0,"comment_status":"closed","ping_status":"closed","template":"","meta":{"footnotes":""},"class_list":["post-13852","page","type-page","status-publish","hentry"],"_links":{"self":[{"href":"https:\/\/wiesenhausen.de\/index.php?rest_route=\/wp\/v2\/pages\/13852","targetHints":{"allow":["GET"]}}],"collection":[{"href":"https:\/\/wiesenhausen.de\/index.php?rest_route=\/wp\/v2\/pages"}],"about":[{"href":"https:\/\/wiesenhausen.de\/index.php?rest_route=\/wp\/v2\/types\/page"}],"author":[{"embeddable":true,"href":"https:\/\/wiesenhausen.de\/index.php?rest_route=\/wp\/v2\/users\/1"}],"replies":[{"embeddable":true,"href":"https:\/\/wiesenhausen.de\/index.php?rest_route=%2Fwp%2Fv2%2Fcomments&post=13852"}],"version-history":[{"count":343,"href":"https:\/\/wiesenhausen.de\/index.php?rest_route=\/wp\/v2\/pages\/13852\/revisions"}],"predecessor-version":[{"id":28745,"href":"https:\/\/wiesenhausen.de\/index.php?rest_route=\/wp\/v2\/pages\/13852\/revisions\/28745"}],"wp:attachment":[{"href":"https:\/\/wiesenhausen.de\/index.php?rest_route=%2Fwp%2Fv2%2Fmedia&parent=13852"}],"curies":[{"name":"wp","href":"https:\/\/api.w.org\/{rel}","templated":true}]}}