{"id":161,"date":"2014-05-07T16:47:22","date_gmt":"2014-05-07T16:47:22","guid":{"rendered":"http:\/\/192.168.2.101\/wordpress\/?page_id=161"},"modified":"2019-10-07T17:12:58","modified_gmt":"2019-10-07T17:12:58","slug":"verfassung","status":"publish","type":"page","link":"https:\/\/wiesenhausen.de\/?page_id=161","title":{"rendered":"Verfassung"},"content":{"rendered":"<p>Der Staat Meadowhouse ist eine konstitutionelle und parlamentarische Wahlmonarchie. Dies bedeutet, dass es zwar einen K\u00f6nig gibt, im Moment K\u00f6nig Johannes I., dass dieser jedoch in alle vier Jahre stattfindenden Wahlen vom Volk demokratisch gew\u00e4hlt wird. Ebenso verh\u00e4lt es sich mit dem Meadowhouser Parlament im Saal der Gespenster, in dem 600 Abgeordnete sitzen. Das Volk kann alle Parteien frei w\u00e4hlen und bestimmt somit, ebenso f\u00fcr eine vierj\u00e4hrige Legislaturperiode, die neue Regierung. Der regierende Monarch hat zudem Oberbefehl \u00fcber die Streitkr\u00e4fte und den Meadowhousischen Geheimdienst MD.<\/p>\n<p>Die gew\u00e4hlte Regierung stellt dann auch den Kanzler, welcher der st\u00e4rksten Partei in der Regierungskoalition angeh\u00f6ren muss, im Moment\u00a0ist dies Ewald Basilisk.\u00a0Auch der Reichspr\u00e4sident wird aus den Regierungsparteien bestimmt, er muss jedoch nicht der st\u00e4rksten Partei angeh\u00f6ren, so wie es momentan auch ist: Eduard Pflanze ist Cheph der zweitst\u00e4rksten Koalitionspartei BdH und nicht der st\u00e4rksten Kraft WVD.<\/p>\n<p>Au\u00dferdem ist Meadowhouse in sechs Herzogt\u00fcmer aufgeteilt, die so funktionieren, wie in anderen L\u00e4ndern die Bundesl\u00e4nder. Diese Herzogt\u00fcmer sind: Preu\u00dfen, Santo Opalo, Wiesenhausen, El Grande, Saphirento und S\u00fcdstrand. Sie alle haben eine eigene Landesregierung, an deren Spitze nicht ein Ministerpr\u00e4sident steht, sondern ein f\u00fcr vier Jahre gew\u00e4hlter Herzog. Grund f\u00fcr die Einf\u00fchrung der Herzogt\u00fcmer war vor allem die Meadowhousische Gebietserweiterung und Ausdehnung im Osten Gr\u00fcndlands, sodass man nun das ganze Land besser kontrollieren kann.<\/p>\n<p>In den Kommunen werden alle vier Jahre zudem diejenigen Abgeordneten bestimmt, die f\u00fcr die n\u00e4chsten vier Jahre f\u00fcr ihren Landkreis im Saal der Gespenster vertreten sein sollen. Insgesamt gibt es in Meadowhouse 600 Kommunen, sodass aus jeder Kommune ein Abgeordneter im Parlament vertreten ist. Diese Regelung ist einzigartig auf der Lieben Welt. Wahlberechtigt sind alle \u00fcber 18-J\u00e4hrigen; momentan gibt es ca. 912 Millionen B\u00fcrgerinnen und B\u00fcrger, von denen rund drei Viertel wahlberechtigt sind.<\/p>\n","protected":false},"excerpt":{"rendered":"<p>Der Staat Meadowhouse ist eine konstitutionelle und parlamentarische Wahlmonarchie. Dies bedeutet, dass es zwar einen K\u00f6nig gibt, im Moment K\u00f6nig Johannes I., dass dieser jedoch in alle vier Jahre stattfindenden Wahlen vom Volk demokratisch gew\u00e4hlt wird. Ebenso verh\u00e4lt es sich mit dem Meadowhouser Parlament im Saal der Gespenster, in dem 600 Abgeordnete sitzen. Das Volk kann alle Parteien frei w\u00e4hlen und bestimmt somit, ebenso f\u00fcr eine vierj\u00e4hrige Legislaturperiode, die neue Regierung. Der regierende Monarch hat zudem Oberbefehl \u00fcber die Streitkr\u00e4fte und den Meadowhousischen Geheimdienst MD. Die gew\u00e4hlte Regierung stellt dann auch den Kanzler, welcher der st\u00e4rksten Partei in der Regierungskoalition angeh\u00f6ren muss, im Moment\u00a0ist dies Ewald Basilisk.\u00a0Auch der Reichspr\u00e4sident wird <a class=\"more-link\" href=\"https:\/\/wiesenhausen.de\/?page_id=161\">Continue Reading \u2192<\/a><\/p>\n","protected":false},"author":1,"featured_media":0,"parent":0,"menu_order":0,"comment_status":"closed","ping_status":"closed","template":"","meta":{"footnotes":""},"class_list":["post-161","page","type-page","status-publish","hentry"],"_links":{"self":[{"href":"https:\/\/wiesenhausen.de\/index.php?rest_route=\/wp\/v2\/pages\/161","targetHints":{"allow":["GET"]}}],"collection":[{"href":"https:\/\/wiesenhausen.de\/index.php?rest_route=\/wp\/v2\/pages"}],"about":[{"href":"https:\/\/wiesenhausen.de\/index.php?rest_route=\/wp\/v2\/types\/page"}],"author":[{"embeddable":true,"href":"https:\/\/wiesenhausen.de\/index.php?rest_route=\/wp\/v2\/users\/1"}],"replies":[{"embeddable":true,"href":"https:\/\/wiesenhausen.de\/index.php?rest_route=%2Fwp%2Fv2%2Fcomments&post=161"}],"version-history":[{"count":1,"href":"https:\/\/wiesenhausen.de\/index.php?rest_route=\/wp\/v2\/pages\/161\/revisions"}],"predecessor-version":[{"id":14366,"href":"https:\/\/wiesenhausen.de\/index.php?rest_route=\/wp\/v2\/pages\/161\/revisions\/14366"}],"wp:attachment":[{"href":"https:\/\/wiesenhausen.de\/index.php?rest_route=%2Fwp%2Fv2%2Fmedia&parent=161"}],"curies":[{"name":"wp","href":"https:\/\/api.w.org\/{rel}","templated":true}]}}