{"id":162,"date":"2014-10-11T16:04:13","date_gmt":"2014-10-11T16:04:13","guid":{"rendered":"http:\/\/192.168.2.101\/wordpress\/?page_id=162"},"modified":"2021-07-13T19:59:15","modified_gmt":"2021-07-13T19:59:15","slug":"grundgesetz","status":"publish","type":"page","link":"https:\/\/wiesenhausen.de\/?page_id=162","title":{"rendered":"Grundgesetz"},"content":{"rendered":"<p>Das Meadowhousische Grundgesetz besteht seit 1810 und trat mit der Vereidigung der ersten Meadowhousischen Regierung am 30. Oktober 1810 in Kraft. Ausgearbeitet wurde es von\u00a0B\u00fcrgermeister Gerhard S.\u00a0Herme, dem Stadtratsvorsitzenden Hemes F. Rems, K\u00f6nig Johannes\u00a0I. und dem Wiesenhausener Richter Laurenz Grogge, der momentan auch der oberste Richter in Meadowhouse ist.<\/p>\n<p>Neben einigen nicht ab\u00e4nderbaren Paragraphen und Gesetzen, die auch die Menschenrechte und Grundrechte beinhalten, \u00e4nderte sich das Grundgesetz in den ersten Jahren des neuen Staates immer mal wieder. So zum Beispiel im M\u00e4rz 1812, als Meadowhouse um einiges gr\u00f6\u00dfer wurde, da sich der gesamte Osten des ehemaligen Heimatlandes Wiesenhausens, Gr\u00fcnland, zu Meadowhouse bekannte. Diese Entscheidung wird heute allgemein als &#8222;Ostbekenntnis&#8220; benannt. Durch diese Vergr\u00f6\u00dferung entstanden sechs Herzogt\u00fcmer, die f\u00f6deralistisch in Meadowhouse regieren. Die sechs Herzoge werden alle f\u00fcnf Jahre gew\u00e4hlt.<\/p>\n","protected":false},"excerpt":{"rendered":"<p>Das Meadowhousische Grundgesetz besteht seit 1810 und trat mit der Vereidigung der ersten Meadowhousischen Regierung am 30. Oktober 1810 in Kraft. Ausgearbeitet wurde es von\u00a0B\u00fcrgermeister Gerhard S.\u00a0Herme, dem Stadtratsvorsitzenden Hemes F. Rems, K\u00f6nig Johannes\u00a0I. und dem Wiesenhausener Richter Laurenz Grogge, der momentan auch der oberste Richter in Meadowhouse ist. Neben einigen nicht ab\u00e4nderbaren Paragraphen und Gesetzen, die auch die Menschenrechte und Grundrechte beinhalten, \u00e4nderte sich das Grundgesetz in den ersten Jahren des neuen Staates immer mal wieder. So zum Beispiel im M\u00e4rz 1812, als Meadowhouse um einiges gr\u00f6\u00dfer wurde, da sich der gesamte Osten des ehemaligen Heimatlandes Wiesenhausens, Gr\u00fcnland, zu Meadowhouse bekannte. Diese Entscheidung wird heute allgemein als &#8222;Ostbekenntnis&#8220; benannt. <a class=\"more-link\" href=\"https:\/\/wiesenhausen.de\/?page_id=162\">Continue Reading \u2192<\/a><\/p>\n","protected":false},"author":1,"featured_media":0,"parent":0,"menu_order":0,"comment_status":"closed","ping_status":"closed","template":"","meta":{"footnotes":""},"class_list":["post-162","page","type-page","status-publish","hentry"],"_links":{"self":[{"href":"https:\/\/wiesenhausen.de\/index.php?rest_route=\/wp\/v2\/pages\/162","targetHints":{"allow":["GET"]}}],"collection":[{"href":"https:\/\/wiesenhausen.de\/index.php?rest_route=\/wp\/v2\/pages"}],"about":[{"href":"https:\/\/wiesenhausen.de\/index.php?rest_route=\/wp\/v2\/types\/page"}],"author":[{"embeddable":true,"href":"https:\/\/wiesenhausen.de\/index.php?rest_route=\/wp\/v2\/users\/1"}],"replies":[{"embeddable":true,"href":"https:\/\/wiesenhausen.de\/index.php?rest_route=%2Fwp%2Fv2%2Fcomments&post=162"}],"version-history":[{"count":1,"href":"https:\/\/wiesenhausen.de\/index.php?rest_route=\/wp\/v2\/pages\/162\/revisions"}],"predecessor-version":[{"id":18686,"href":"https:\/\/wiesenhausen.de\/index.php?rest_route=\/wp\/v2\/pages\/162\/revisions\/18686"}],"wp:attachment":[{"href":"https:\/\/wiesenhausen.de\/index.php?rest_route=%2Fwp%2Fv2%2Fmedia&parent=162"}],"curies":[{"name":"wp","href":"https:\/\/api.w.org\/{rel}","templated":true}]}}