{"id":177,"date":"2014-11-01T21:31:53","date_gmt":"2014-11-01T21:31:53","guid":{"rendered":"http:\/\/192.168.2.101\/wordpress\/?page_id=177"},"modified":"2025-01-10T15:30:59","modified_gmt":"2025-01-10T15:30:59","slug":"aktuelle-entwicklungen","status":"publish","type":"page","link":"https:\/\/wiesenhausen.de\/?page_id=177","title":{"rendered":"Aktuelle Entwicklungen"},"content":{"rendered":"<p>Hier k\u00f6nnen Sie die aktuellen Entwicklungen des B\u00f6rsenmarktes in Meadowhouse verfolgen. Nicht nur auf den Gesamtindex, den TROPO, wird hier Bezug genommen, sondern\u00a0 auch auf die Entwicklungen einzelner Unternehmen. Die B\u00f6rsenwoche dauert von Montag um 9.00 Uhr bis Freitag um 17.00 Uhr. In der B\u00f6rsenschau auf dieser Seite wird dann auf das abgelaufene Quartal zur\u00fcckgeblickt und die Entwicklungen ausgewertet.<\/p>\n<p><strong>4. Quartal 1824: <\/strong>Das Jahr 1825 wird das Jahr der Ver\u00e4nderungen in der meadowhousischen Politik und besonders in der Wirtschaft. Darauf bereiteten sich die TROPO-Unternehmen im letzten Quartal des Jahres 1824 intensiv vor. Besonders interessant dabei sind vor allem die Steuerreformen, wie der Wegfall der Unternehmensteuer, die Ausdehnung der Gesellschaftsteuer, sowie die Reformen bei Kapitalertragsteuer und insbesondere die neue Kapitalverm\u00f6gensteuer. Der administrative Aufwand war f\u00fcr die durchweg betroffenen B\u00f6rsenunternehmen in Meadowhouse enorm. Schon jetzt l\u00e4sst sich f\u00fcr das Gesch\u00e4ftsjahr 1824 ein deutlich gestiegener Beratungs-, Verwaltungs- und Personalaufwand \u00fcber alle Branchen erwarten, was den Wert der Aktien der meisten Unternehmen fallen lie\u00df. Da es sich fl\u00e4chendeckend um gewinnmindernde Kosten handelt, ist von klar reduzierten Unternehmensgewinnen auszugehen, was die H\u00f6he der Dividenden f\u00fcr die Anleger nach unten dr\u00fcckt. Verk\u00e4ufe von Anleihen sind zunehmend, w\u00e4hrend sich Neuk\u00e4ufe wohl erst wieder ab Sommer verst\u00e4rken.<\/p>\n<p><strong>TROPO: <\/strong>Der TROPO machte im abgelaufenen Quartal einen Verlust von 4,64%. Damit steht er aktuell bei 10.028 Punkten.<\/p>\n","protected":false},"excerpt":{"rendered":"<p>Hier k\u00f6nnen Sie die aktuellen Entwicklungen des B\u00f6rsenmarktes in Meadowhouse verfolgen. Nicht nur auf den Gesamtindex, den TROPO, wird hier Bezug genommen, sondern\u00a0 auch auf die Entwicklungen einzelner Unternehmen. Die B\u00f6rsenwoche dauert von Montag um 9.00 Uhr bis Freitag um 17.00 Uhr. In der B\u00f6rsenschau auf dieser Seite wird dann auf das abgelaufene Quartal zur\u00fcckgeblickt und die Entwicklungen ausgewertet. 4. Quartal 1824: Das Jahr 1825 wird das Jahr der Ver\u00e4nderungen in der meadowhousischen Politik und besonders in der Wirtschaft. Darauf bereiteten sich die TROPO-Unternehmen im letzten Quartal des Jahres 1824 intensiv vor. Besonders interessant dabei sind vor allem die Steuerreformen, wie der Wegfall der Unternehmensteuer, die Ausdehnung der Gesellschaftsteuer, sowie <a class=\"more-link\" href=\"https:\/\/wiesenhausen.de\/?page_id=177\">Continue Reading \u2192<\/a><\/p>\n","protected":false},"author":1,"featured_media":0,"parent":0,"menu_order":0,"comment_status":"closed","ping_status":"closed","template":"","meta":{"footnotes":""},"class_list":["post-177","page","type-page","status-publish","hentry"],"_links":{"self":[{"href":"https:\/\/wiesenhausen.de\/index.php?rest_route=\/wp\/v2\/pages\/177","targetHints":{"allow":["GET"]}}],"collection":[{"href":"https:\/\/wiesenhausen.de\/index.php?rest_route=\/wp\/v2\/pages"}],"about":[{"href":"https:\/\/wiesenhausen.de\/index.php?rest_route=\/wp\/v2\/types\/page"}],"author":[{"embeddable":true,"href":"https:\/\/wiesenhausen.de\/index.php?rest_route=\/wp\/v2\/users\/1"}],"replies":[{"embeddable":true,"href":"https:\/\/wiesenhausen.de\/index.php?rest_route=%2Fwp%2Fv2%2Fcomments&post=177"}],"version-history":[{"count":55,"href":"https:\/\/wiesenhausen.de\/index.php?rest_route=\/wp\/v2\/pages\/177\/revisions"}],"predecessor-version":[{"id":26280,"href":"https:\/\/wiesenhausen.de\/index.php?rest_route=\/wp\/v2\/pages\/177\/revisions\/26280"}],"wp:attachment":[{"href":"https:\/\/wiesenhausen.de\/index.php?rest_route=%2Fwp%2Fv2%2Fmedia&parent=177"}],"curies":[{"name":"wp","href":"https:\/\/api.w.org\/{rel}","templated":true}]}}