{"id":17983,"date":"2021-03-15T17:44:35","date_gmt":"2021-03-15T17:44:35","guid":{"rendered":"https:\/\/wiesenhausen.de\/?page_id=17983"},"modified":"2022-06-12T21:56:07","modified_gmt":"2022-06-12T21:56:07","slug":"koenigsvorwahlen-2","status":"publish","type":"page","link":"https:\/\/wiesenhausen.de\/?page_id=17983","title":{"rendered":"K\u00f6nigsvorwahlen"},"content":{"rendered":"<p>Die K\u00f6nigsvorwahlen 1822 beginnen am 08. Mai im Herzogentum Preu\u00dfen und enden sechs Wochen sp\u00e4ter am 12. Juni im Herzogtum Wiesenhausen. Bei diesen Wahlen wird der Gegner von Amtsinhaber K\u00f6nig Percival I. f\u00fcr die eigentliche K\u00f6nigswahl im September ermittelt. Das Wahlsystem fu\u00dft dabei auf Wahlm\u00e4nnern, die es, verteilt nach der Bev\u00f6lkerungszahl der jeweiligen Herzogt\u00fcmer, f\u00fcr die Spitzenkandidaten der einzelnen Gruppen zu erringen gilt. Wer als erster mehr als die H\u00e4lfte der insgesamt verf\u00fcgbaren Wahlm\u00e4nnerstimmen auf sich vereinen kann, wird Herausforderer des amtierenden K\u00f6nigs im Herbst. Da es alles in allem 735 Wahlm\u00e4nner in ganz Meadowhouse gibt, reicht somit die Zahl von 368 Wahlm\u00e4nnern zum Sieg bei den K\u00f6nigsvorwahlen. Bereits vor vier Jahren wurde dieser Modus angewendet, als der heutige K\u00f6nig Percival I. sich denkbar knapp mit 397 Wahlm\u00e4nnern in den Vorwahlen durch setzte und sp\u00e4ter in der K\u00f6nigswahl \u00fcberraschend zum neuen Monarchen gew\u00e4hlt wurde.<\/p>\n<p>Auch bei dieser Wahl treten erneut sechs Kandidaten an, um im Herbst gegen K\u00f6nig Percival I. ins Duell gehen zu d\u00fcrfen. Vier Kandidaten sind dabei von Parteien unterst\u00fctzt, zwei weitere sind parteilos, konnten jedoch die erforderliche Zahl von 500.000 Unterst\u00fctzern versammeln, um f\u00fcr die Vorwahlen zugelassen zu werden. In der Folge stehen nun die unterschiedlichen Wahltermine in der Reihenfolge, in der chronologisch gew\u00e4hlt wird. Dar\u00fcber hinaus steht neben dem Wahltermin immer der Name desjenigen Kandidaten, der aus dem Herzogtum kommt, in dem an dem jeweiligen Sonntag gew\u00e4hlt wird, sowie die Anzahl der Wahlm\u00e4nner, die im jeweiligen Herzogtum zu erringen sind. Die Wahllokale sind jeweils von 08:00 Uhr morgens bis 18:00 Uhr abends ge\u00f6ffnet, wobei die erste Prognose schon kurz nach Schlie\u00dfung der Urnen bekannt gegeben wird. Bis zur Verk\u00fcndung des vorl\u00e4ufigen amtlichen Endergebnisses dauert meist jedoch nicht l\u00e4nger als bis 23:00 Uhr, sodass in der Regel noch am selben Abend, auch bei einem knappen Wahlausgang, ein Sieger feststehen d\u00fcrfte.<\/p>\n<p><strong>Vorwahltermin Preu\u00dfen (08. Mai 1822, Johann von Gauttersberg (VCS), 65 Wahlm\u00e4nner)<\/strong><\/p>\n<p><strong>Uhrzeit:\u00a0 \u00a0 \u00a0 \u00a0 \u00a0 \u00a0 \u00a0 \u00a0 \u00a0 \u00a0 \u00a0 \u00a0 \u00a0 \u00a0 \u00a0 \u00a0 \u00a0 \u00a0 \u00a0 \u00a0 \u00a0<\/strong>18:00\u00a0 \u00a0 \u00a0 18:30\u00a0 \u00a0 \u00a0 19:00\u00a0 \u00a0 \u00a0 19:30\u00a0 \u00a0 \u00a0 20:00\u00a0 \u00a0 \u00a0 21:30<strong>\u00a0 \u00a0 \u00a0 23:00<\/strong><\/p>\n<p>Johann von Gauttersberg\u00a0 \u00a0 \u00a0 \u00a0 \u00a0 \u00a0 \u00a025,9%\u00a0 \u00a0 \u00a0 25,4%\u00a0 \u00a0 \u00a024,1%\u00a0 \u00a0 \u00a024,3%\u00a0 \u00a0 \u00a024,1%\u00a0 \u00a0 24,2%\u00a0 \u00a0 \u00a024,2%<\/p>\n<p>Peter Burg\u00a0 \u00a0 \u00a0 \u00a0 \u00a0 \u00a0 \u00a0 \u00a0 \u00a0 \u00a0 \u00a0 \u00a0 \u00a0 \u00a0 \u00a0 \u00a0 \u00a0 \u00a0 21,4%\u00a0 \u00a0 \u00a0 21,3%\u00a0 \u00a0 \u00a021,4%\u00a0 \u00a0 \u00a021,5%\u00a0 \u00a0 \u00a021,6%\u00a0 \u00a0 22,0%\u00a0 \u00a0 \u00a021,8%<\/p>\n<p>Reinhardt von der Tagel\u00a0 \u00a0 \u00a0 \u00a0 \u00a0 \u00a0 \u00a0 \u00a017,7%\u00a0 \u00a0 \u00a0 17,9%\u00a0 \u00a0 \u00a017,7%\u00a0 \u00a0 \u00a017,4%\u00a0 \u00a0 \u00a017,2%\u00a0 \u00a0 16,9%\u00a0 \u00a0 \u00a016,8%<\/p>\n<p>Bernd Ludwig\u00a0 \u00a0 \u00a0 \u00a0 \u00a0 \u00a0 \u00a0 \u00a0 \u00a0 \u00a0 \u00a0 \u00a0 \u00a0 \u00a0 \u00a0 \u00a0 4,6%\u00a0 \u00a0 \u00a0 \u00a0 3,9%\u00a0 \u00a0 \u00a0 \u00a04,1%\u00a0 \u00a0 \u00a0 \u00a03,5%\u00a0 \u00a0 \u00a0 \u00a03,3%\u00a0 \u00a0 \u00a0 2,9%\u00a0 \u00a0 \u00a0 \u00a03,1%<\/p>\n<p>Ezechiel Bloor\u00a0 \u00a0 \u00a0 \u00a0 \u00a0 \u00a0 \u00a0 \u00a0 \u00a0 \u00a0 \u00a0 \u00a0 \u00a0 \u00a0 \u00a018,4%\u00a0 \u00a0 \u00a0 18,2%\u00a0 \u00a0 \u00a0 18,7%\u00a0 \u00a0 \u00a018,7%\u00a0 \u00a0 \u00a019,1%\u00a0 \u00a0 19,3%\u00a0 \u00a0 \u00a019,0%<\/p>\n<p>Bert Bratapfel\u00a0 \u00a0 \u00a0 \u00a0 \u00a0 \u00a0 \u00a0 \u00a0 \u00a0 \u00a0 \u00a0 \u00a0 \u00a0 \u00a0 \u00a0 12,0%\u00a0 \u00a0 \u00a0 13,3%\u00a0 \u00a0 \u00a0 13,8%\u00a0 \u00a0 \u00a014,6%\u00a0 \u00a0 \u00a014,7%\u00a0 \u00a0 14,7%\u00a0 \u00a0 \u00a015,1%<\/p>\n<p><strong>Wahlsieger:<\/strong> Johann von Gauttersberg (VCS) &#8211; 65 von 735 Wahlm\u00e4nnern geholt<\/p>\n<p>&nbsp;<\/p>\n<p><strong>Vorwahltermin Santo Opalo (15. Mai 1822, Bert Bratapfel (parteilos), 149 Wahlm\u00e4nner)<\/strong><\/p>\n<p><strong>Uhrzeit:\u00a0 \u00a0 \u00a0 \u00a0 \u00a0 \u00a0 \u00a0 \u00a0 \u00a0 \u00a0 \u00a0 \u00a0 \u00a0 \u00a0 \u00a0 \u00a0 \u00a0 \u00a0 \u00a0 \u00a0 \u00a0<\/strong>18:00\u00a0 \u00a0 \u00a0 18:30\u00a0 \u00a0 \u00a0 19:00\u00a0 \u00a0 \u00a0 19:30\u00a0 \u00a0 \u00a0 20:00\u00a0 \u00a0 \u00a0 21:30<strong>\u00a0 \u00a0 \u00a0 23:00<\/strong><\/p>\n<p>Johann von Gauttersberg\u00a0 \u00a0 \u00a0 \u00a0 \u00a0 \u00a0 \u00a018,8%\u00a0 \u00a0 \u00a018,6%\u00a0 \u00a0 \u00a017,2%\u00a0 \u00a0 \u00a017,2%\u00a0 \u00a0 \u00a016,6%\u00a0 \u00a0 16,4%\u00a0 \u00a0 \u00a016,1%<\/p>\n<p>Peter Burg\u00a0 \u00a0 \u00a0 \u00a0 \u00a0 \u00a0 \u00a0 \u00a0 \u00a0 \u00a0 \u00a0 \u00a0 \u00a0 \u00a0 \u00a0 \u00a0 \u00a0 \u00a0 20,3%\u00a0 \u00a0 \u00a020,4%\u00a0 \u00a0 \u00a019,6%\u00a0 \u00a0 \u00a019,8%\u00a0 \u00a0 \u00a019,2%\u00a0 \u00a0 19,2%\u00a0 \u00a0 \u00a019,0%<\/p>\n<p>Reinhardt von der Tagel\u00a0 \u00a0 \u00a0 \u00a0 \u00a0 \u00a0 \u00a0 \u00a012,2%\u00a0 \u00a0 \u00a011,1%\u00a0 \u00a0 \u00a010,1%\u00a0 \u00a0 \u00a0 9,8%\u00a0 \u00a0 \u00a0 10,4%\u00a0 \u00a0 10,2%\u00a0 \u00a0 \u00a010,5%<\/p>\n<p>Bernd Ludwig\u00a0 \u00a0 \u00a0 \u00a0 \u00a0 \u00a0 \u00a0 \u00a0 \u00a0 \u00a0 \u00a0 \u00a0 \u00a0 \u00a0 \u00a0 \u00a0 4,9%\u00a0 \u00a0 \u00a0 \u00a05,2%\u00a0 \u00a0 \u00a0 \u00a06,5%\u00a0 \u00a0 \u00a0 6,0%\u00a0 \u00a0 \u00a0 \u00a05,5%\u00a0 \u00a0 \u00a0 \u00a05,9%\u00a0 \u00a0 \u00a0 \u00a05,6%<\/p>\n<p>Ezechiel Bloor\u00a0 \u00a0 \u00a0 \u00a0 \u00a0 \u00a0 \u00a0 \u00a0 \u00a0 \u00a0 \u00a0 \u00a0 \u00a0 \u00a0 \u00a024,8%\u00a0 \u00a0 \u00a025,7%\u00a0 \u00a0 \u00a026,7%\u00a0 \u00a0 \u00a027,5%\u00a0 \u00a0 \u00a028,1%\u00a0 \u00a0 \u00a028,0%\u00a0 \u00a0 \u00a028,3%<\/p>\n<p>Bert Bratapfel\u00a0 \u00a0 \u00a0 \u00a0 \u00a0 \u00a0 \u00a0 \u00a0 \u00a0 \u00a0 \u00a0 \u00a0 \u00a0 \u00a0 \u00a0 20,0%\u00a0 \u00a0 \u00a019,0%\u00a0 \u00a0 \u00a019,9%\u00a0 \u00a0 \u00a019,7%\u00a0 \u00a0 \u00a020,2%\u00a0 \u00a0 \u00a020,3%\u00a0 \u00a0 \u00a020,5%<\/p>\n<p><strong>Wahlsieger:\u00a0<\/strong>Ezechiel Bloor (parteilos) &#8211; 149 von 735 Wahlm\u00e4nnern geholt<\/p>\n<p>&nbsp;<\/p>\n<p><strong>Vorwahltermin S\u00fcdstrand (22. Mai 1822, Reinhardt von der Tagel (MCM), 124 Wahlm\u00e4nner)<\/strong><\/p>\n<p><strong>Uhrzeit:\u00a0 \u00a0 \u00a0 \u00a0 \u00a0 \u00a0 \u00a0 \u00a0 \u00a0 \u00a0 \u00a0 \u00a0 \u00a0 \u00a0 \u00a0 \u00a0 \u00a0 \u00a0 \u00a0 \u00a0 \u00a0<\/strong>18:00\u00a0 \u00a0 \u00a0 18:30\u00a0 \u00a0 \u00a0 19:00\u00a0 \u00a0 \u00a0 19:30\u00a0 \u00a0 \u00a0 20:00\u00a0 \u00a0 \u00a0 21:30<strong>\u00a0 \u00a0 \u00a0 23:00<\/strong><\/p>\n<p>Johann von Gauttersberg\u00a0 \u00a0 \u00a0 \u00a0 \u00a0 \u00a0 \u00a013,8%\u00a0 \u00a0 \u00a013,7%\u00a0 \u00a0 \u00a012,9%\u00a0 \u00a0 \u00a012,6%\u00a0 \u00a0 \u00a013,0%\u00a0 \u00a0 \u00a013,3%\u00a0 \u00a0 \u00a013,2%<\/p>\n<p>Peter Burg\u00a0 \u00a0 \u00a0 \u00a0 \u00a0 \u00a0 \u00a0 \u00a0 \u00a0 \u00a0 \u00a0 \u00a0 \u00a0 \u00a0 \u00a0 \u00a0 \u00a0 \u00a0 15,4%\u00a0 \u00a0 \u00a014,3%\u00a0 \u00a0 \u00a015,2%\u00a0 \u00a0 \u00a015,8%\u00a0 \u00a0 \u00a015,4%\u00a0 \u00a0 \u00a015,7%\u00a0 \u00a0 \u00a015,6%<\/p>\n<p>Reinhardt von der Tagel\u00a0 \u00a0 \u00a0 \u00a0 \u00a0 \u00a0 \u00a0 \u00a028,3%\u00a0 \u00a0 \u00a027,6%\u00a0 \u00a0 \u00a028,6%\u00a0 \u00a0 \u00a028,2%\u00a0 \u00a0 \u00a028,5%\u00a0 \u00a0 \u00a028,3%\u00a0 \u00a0 \u00a028,2%<\/p>\n<p>Bernd Ludwig\u00a0 \u00a0 \u00a0 \u00a0 \u00a0 \u00a0 \u00a0 \u00a0 \u00a0 \u00a0 \u00a0 \u00a0 \u00a0 \u00a0 \u00a0 \u00a0 3,0%\u00a0 \u00a0 \u00a0 \u00a03,5%\u00a0 \u00a0 \u00a0 \u00a03,3%\u00a0 \u00a0 \u00a0 \u00a03,3%\u00a0 \u00a0 \u00a0 \u00a02,8%\u00a0 \u00a0 \u00a0 \u00a02,5%\u00a0 \u00a0 \u00a0 \u00a02,3%<\/p>\n<p>Ezechiel Bloor\u00a0 \u00a0 \u00a0 \u00a0 \u00a0 \u00a0 \u00a0 \u00a0 \u00a0 \u00a0 \u00a0 \u00a0 \u00a0 \u00a0 \u00a0 24,0%\u00a0 \u00a0 \u00a024,6%\u00a0 \u00a0 \u00a024,2%\u00a0 \u00a0 \u00a025,1%\u00a0 \u00a0 \u00a024,9%\u00a0 \u00a0 \u00a024,7%\u00a0 \u00a0 \u00a025,1%<\/p>\n<p>Bert Bratapfel\u00a0 \u00a0 \u00a0 \u00a0 \u00a0 \u00a0 \u00a0 \u00a0 \u00a0 \u00a0 \u00a0 \u00a0 \u00a0 \u00a0 \u00a0 15,5%\u00a0 \u00a0 \u00a016,3%\u00a0 \u00a0 \u00a015,8%\u00a0 \u00a0 \u00a015,0%\u00a0 \u00a0 \u00a015,4%\u00a0 \u00a0 \u00a015,5%\u00a0 \u00a0 \u00a015,6%<\/p>\n<p><strong>Wahlsieger:\u00a0<\/strong>Reinhardt von der Tagel (MCM) &#8211; 124 von 735 Wahlm\u00e4nnern geholt<\/p>\n<p>&nbsp;<\/p>\n<p><strong>Vorwahltermin El Grande (29. Mai 1822, Bernd Ludwig (KFM), 97 Wahlm\u00e4nner)<\/strong><\/p>\n<p><strong>Uhrzeit:\u00a0 \u00a0 \u00a0 \u00a0 \u00a0 \u00a0 \u00a0 \u00a0 \u00a0 \u00a0 \u00a0 \u00a0 \u00a0 \u00a0 \u00a0 \u00a0 \u00a0 \u00a0 \u00a0 \u00a0 \u00a0<\/strong>18:00\u00a0 \u00a0 \u00a0 18:30\u00a0 \u00a0 \u00a0 19:00\u00a0 \u00a0 \u00a0 19:30\u00a0 \u00a0 \u00a0 20:00\u00a0 \u00a0 \u00a0 21:30<strong>\u00a0 \u00a0 \u00a0 23:00<\/strong><\/p>\n<p>Johann von Gauttersberg\u00a0 \u00a0 \u00a0 \u00a0 \u00a0 \u00a0 \u00a0 8,2%\u00a0 \u00a0 \u00a0 \u00a09,1%\u00a0 \u00a0 \u00a0 \u00a08,1%\u00a0 \u00a0 \u00a0 \u00a08,2%\u00a0 \u00a0 \u00a0 8,4%\u00a0 \u00a0 \u00a0 \u00a08,0%\u00a0 \u00a0 \u00a0 \u00a08,2%<\/p>\n<p>Peter Burg\u00a0 \u00a0 \u00a0 \u00a0 \u00a0 \u00a0 \u00a0 \u00a0 \u00a0 \u00a0 \u00a0 \u00a0 \u00a0 \u00a0 \u00a0 \u00a0 \u00a0 \u00a0 24,3%\u00a0 \u00a0 \u00a023,3%\u00a0 \u00a0 \u00a023,1%\u00a0 \u00a0 \u00a023,0%\u00a0 \u00a0 \u00a023,7%\u00a0 \u00a0 \u00a023,5%\u00a0 \u00a0 \u00a023,7%<\/p>\n<p>Reinhardt von der Tagel\u00a0 \u00a0 \u00a0 \u00a0 \u00a0 \u00a0 \u00a0 \u00a019,3%\u00a0 \u00a0 \u00a019,3%\u00a0 \u00a0 \u00a020,1%\u00a0 \u00a0 \u00a020,3%\u00a0 \u00a0 \u00a020,4%\u00a0 \u00a0 \u00a020,7%\u00a0 \u00a0 \u00a020,4%<\/p>\n<p>Bernd Ludwig\u00a0 \u00a0 \u00a0 \u00a0 \u00a0 \u00a0 \u00a0 \u00a0 \u00a0 \u00a0 \u00a0 \u00a0 \u00a0 \u00a0 \u00a0 \u00a0 6,3%\u00a0 \u00a0 \u00a0 \u00a05,6%\u00a0 \u00a0 \u00a0 \u00a06,4%\u00a0 \u00a0 \u00a0 \u00a06,2%\u00a0 \u00a0 \u00a0 \u00a06,0%\u00a0 \u00a0 \u00a0 \u00a06,7%\u00a0 \u00a0 \u00a0 \u00a06,2%<\/p>\n<p>Ezechiel Bloor\u00a0 \u00a0 \u00a0 \u00a0 \u00a0 \u00a0 \u00a0 \u00a0 \u00a0 \u00a0 \u00a0 \u00a0 \u00a0 \u00a0 \u00a0 24,6%\u00a0 \u00a0 \u00a025,0%\u00a0 \u00a0 \u00a024,5%\u00a0 \u00a0 \u00a024,0%\u00a0 \u00a0 \u00a024,2%\u00a0 \u00a0 \u00a023,8%\u00a0 \u00a0 \u00a023,9%<\/p>\n<p>Bert Bratapfel\u00a0 \u00a0 \u00a0 \u00a0 \u00a0 \u00a0 \u00a0 \u00a0 \u00a0 \u00a0 \u00a0 \u00a0 \u00a0 \u00a0 \u00a0 \u00a017,3%\u00a0 \u00a0 \u00a017,7%\u00a0 \u00a0 \u00a017,8%\u00a0 \u00a0 \u00a018,3%\u00a0 \u00a0 \u00a017,6%\u00a0 \u00a0 \u00a017,3%\u00a0 \u00a0 \u00a017,6%<\/p>\n<p><strong>Wahlsieger:\u00a0<\/strong>Ezechiel Bloor (parteilos) &#8211; 97 von 735 Wahlm\u00e4nnern geholt<\/p>\n<p>&nbsp;<\/p>\n<p><strong>Vorwahltermin Saphirento (05. Juni 1822, Peter Burg (WVD), 124 Wahlm\u00e4nner)<\/strong><\/p>\n<p><strong>Uhrzeit:\u00a0 \u00a0 \u00a0 \u00a0 \u00a0 \u00a0 \u00a0 \u00a0 \u00a0 \u00a0 \u00a0 \u00a0 \u00a0 \u00a0 \u00a0 \u00a0 \u00a0 \u00a0 \u00a0 \u00a0 \u00a0<\/strong>18:00\u00a0 \u00a0 \u00a0 18:30\u00a0 \u00a0 \u00a0 19:00\u00a0 \u00a0 \u00a0 19:30\u00a0 \u00a0 \u00a0 20:00\u00a0 \u00a0 \u00a0 21:30<strong>\u00a0 \u00a0 \u00a0 23:00<\/strong><\/p>\n<p>Johann von Gauttersberg\u00a0 \u00a0 \u00a0 \u00a0 \u00a0 \u00a0 \u00a0 24,8%\u00a0 \u00a0 \u00a023,3%\u00a0 \u00a0 \u00a022,3%\u00a0 \u00a0 22,6%\u00a0 \u00a0 \u00a022,5%\u00a0 \u00a0 \u00a022,3%\u00a0 \u00a0 \u00a021,9%<\/p>\n<p>Peter Burg\u00a0 \u00a0 \u00a0 \u00a0 \u00a0 \u00a0 \u00a0 \u00a0 \u00a0 \u00a0 \u00a0 \u00a0 \u00a0 \u00a0 \u00a0 \u00a0 \u00a0 \u00a0 \u00a020,4%\u00a0 \u00a0 \u00a021,0%\u00a0 \u00a0 \u00a022,5%\u00a0 \u00a0 22,4%\u00a0 \u00a0 \u00a022,0%\u00a0 \u00a0 \u00a022,3%\u00a0 \u00a0 \u00a022,3%<\/p>\n<p>Reinhardt von der Tagel\u00a0 \u00a0 \u00a0 \u00a0 \u00a0 \u00a0 \u00a0 \u00a0 17,0%\u00a0 \u00a0 \u00a016,4%\u00a0 \u00a0 \u00a017,8%\u00a0 \u00a0 18,6%\u00a0 \u00a0 \u00a018,9%\u00a0 \u00a0 \u00a018,8%\u00a0 \u00a0 \u00a019,0%<\/p>\n<p>Bernd Ludwig\u00a0 \u00a0 \u00a0 \u00a0 \u00a0 \u00a0 \u00a0 \u00a0 \u00a0 \u00a0 \u00a0 \u00a0 \u00a0 \u00a0 \u00a0 \u00a0 \u00a06,1%\u00a0 \u00a0 \u00a0 \u00a05,4%\u00a0 \u00a0 \u00a0 \u00a05,9%\u00a0 \u00a0 \u00a0 6,1%\u00a0 \u00a0 \u00a0 \u00a06,7%\u00a0 \u00a0 \u00a0 \u00a06,5%\u00a0 \u00a0 \u00a0 \u00a06,8%<\/p>\n<p>Ezechiel Bloor\u00a0 \u00a0 \u00a0 \u00a0 \u00a0 \u00a0 \u00a0 \u00a0 \u00a0 \u00a0 \u00a0 \u00a0 \u00a0 \u00a0 \u00a0 \u00a021,8%\u00a0 \u00a0 \u00a023,3%\u00a0 \u00a0 \u00a022,4%\u00a0 \u00a0 21,9%\u00a0 \u00a0 \u00a021,4%\u00a0 \u00a0 \u00a021,8%\u00a0 \u00a0 \u00a021,7%<\/p>\n<p>Bert Bratapfel\u00a0 \u00a0 \u00a0 \u00a0 \u00a0 \u00a0 \u00a0 \u00a0 \u00a0 \u00a0 \u00a0 \u00a0 \u00a0 \u00a0 \u00a0 \u00a0 \u00a09,9%\u00a0 \u00a0 \u00a0 10,6%\u00a0 \u00a0 \u00a0 9,1%\u00a0 \u00a0 \u00a0 8,4%\u00a0 \u00a0 \u00a0 \u00a08,5%\u00a0 \u00a0 \u00a0 \u00a08,3%\u00a0 \u00a0 \u00a0 \u00a08,3%<\/p>\n<p><strong>Wahlsieger:\u00a0<\/strong>Peter Burg (WVD) &#8211; 124 von 735 Wahlm\u00e4nnern geholt<\/p>\n<p>&nbsp;<\/p>\n<p><strong>Vorwahltermin Wiesenhausen (12. Juni 1822, Ezechiel Bloor (parteilos), 176 Wahlm\u00e4nner)<\/strong><\/p>\n<p><strong>Uhrzeit:\u00a0 \u00a0 \u00a0 \u00a0 \u00a0 \u00a0 \u00a0 \u00a0 \u00a0 \u00a0 \u00a0 \u00a0 \u00a0 \u00a0 \u00a0 \u00a0 \u00a0 \u00a0 \u00a0 \u00a0 \u00a0<\/strong>18:00\u00a0 \u00a0 \u00a0 18:30\u00a0 \u00a0 \u00a0 19:00\u00a0 \u00a0 \u00a0 19:30\u00a0 \u00a0 \u00a0 20:00\u00a0 \u00a0 \u00a0 21:30<strong>\u00a0 \u00a0 \u00a0 23:00<\/strong><\/p>\n<p>Johann von Gauttersberg\u00a0 \u00a0 \u00a0 \u00a0 \u00a0 \u00a0 \u00a0 17,0%\u00a0 \u00a0 \u00a016,7%\u00a0 \u00a0 16,5%\u00a0 \u00a0 \u00a015,7%\u00a0 \u00a0 \u00a015,8%\u00a0 \u00a0 \u00a016,0%\u00a0 \u00a0 15,9%<\/p>\n<p>Peter Burg\u00a0 \u00a0 \u00a0 \u00a0 \u00a0 \u00a0 \u00a0 \u00a0 \u00a0 \u00a0 \u00a0 \u00a0 \u00a0 \u00a0 \u00a0 \u00a0 \u00a0 \u00a0 \u00a020,1%\u00a0 \u00a0 \u00a020,1%\u00a0 \u00a0 20,5%\u00a0 \u00a0 \u00a020,5%\u00a0 \u00a0 \u00a021,4%\u00a0 \u00a0 \u00a021,5%\u00a0 \u00a0 21,9%<\/p>\n<p>Reinhardt von der Tagel\u00a0 \u00a0 \u00a0 \u00a0 \u00a0 \u00a0 \u00a0 \u00a0 12,9%\u00a0 \u00a0 \u00a012,4%\u00a0 \u00a0 13,4%\u00a0 \u00a0 \u00a013,7%\u00a0 \u00a0 \u00a013,1%\u00a0 \u00a0 \u00a013,5%\u00a0 \u00a0 13,4%<\/p>\n<p>Bernd Ludwig\u00a0 \u00a0 \u00a0 \u00a0 \u00a0 \u00a0 \u00a0 \u00a0 \u00a0 \u00a0 \u00a0 \u00a0 \u00a0 \u00a0 \u00a0 \u00a0 \u00a06,4%\u00a0 \u00a0 \u00a0 \u00a05,8%\u00a0 \u00a0 \u00a0 4,8%\u00a0 \u00a0 \u00a0 \u00a05,1%\u00a0 \u00a0 \u00a0 \u00a05,3%\u00a0 \u00a0 \u00a0 \u00a05,0%\u00a0 \u00a0 \u00a0 4,8%<\/p>\n<p>Ezechiel Bloor\u00a0 \u00a0 \u00a0 \u00a0 \u00a0 \u00a0 \u00a0 \u00a0 \u00a0 \u00a0 \u00a0 \u00a0 \u00a0 \u00a0 \u00a0 \u00a022,1%\u00a0 \u00a0 \u00a022,8%\u00a0 \u00a0 22,5%\u00a0 \u00a0 \u00a022,9%\u00a0 \u00a0 \u00a022,8%\u00a0 \u00a0 \u00a022,5%\u00a0 \u00a0 22,1%<\/p>\n<p>Bert Bratapfel\u00a0 \u00a0 \u00a0 \u00a0 \u00a0 \u00a0 \u00a0 \u00a0 \u00a0 \u00a0 \u00a0 \u00a0 \u00a0 \u00a0 \u00a0 \u00a0 21,5%\u00a0 \u00a0 \u00a022,2%\u00a0 \u00a0 22,3%\u00a0 \u00a0 \u00a022,1%\u00a0 \u00a0 \u00a021,6%\u00a0 \u00a0 \u00a021,5%\u00a0 \u00a0 21,9%<\/p>\n<p><strong>Wahlsieger:\u00a0<\/strong>Ezechiel Bloor (parteilos) &#8211; 176 von 735 Wahlm\u00e4nnern geholt<\/p>\n<p>&nbsp;<\/p>\n<p><strong>Ausgew\u00e4hlter Kandidat f\u00fcr die K\u00f6nigsstichwahl 1822:<\/strong><\/p>\n<p>Ezechiel Bloor (parteilos) &#8211; insgesamt 422 von 735 Wahlm\u00e4nnern geholt<\/p>\n","protected":false},"excerpt":{"rendered":"<p>Die K\u00f6nigsvorwahlen 1822 beginnen am 08. Mai im Herzogentum Preu\u00dfen und enden sechs Wochen sp\u00e4ter am 12. Juni im Herzogtum Wiesenhausen. Bei diesen Wahlen wird der Gegner von Amtsinhaber K\u00f6nig Percival I. f\u00fcr die eigentliche K\u00f6nigswahl im September ermittelt. Das Wahlsystem fu\u00dft dabei auf Wahlm\u00e4nnern, die es, verteilt nach der Bev\u00f6lkerungszahl der jeweiligen Herzogt\u00fcmer, f\u00fcr die Spitzenkandidaten der einzelnen Gruppen zu erringen gilt. Wer als erster mehr als die H\u00e4lfte der insgesamt verf\u00fcgbaren Wahlm\u00e4nnerstimmen auf sich vereinen kann, wird Herausforderer des amtierenden K\u00f6nigs im Herbst. Da es alles in allem 735 Wahlm\u00e4nner in ganz Meadowhouse gibt, reicht somit die Zahl von 368 Wahlm\u00e4nnern zum Sieg bei den K\u00f6nigsvorwahlen. Bereits vor <a class=\"more-link\" href=\"https:\/\/wiesenhausen.de\/?page_id=17983\">Continue Reading \u2192<\/a><\/p>\n","protected":false},"author":1,"featured_media":0,"parent":0,"menu_order":0,"comment_status":"closed","ping_status":"closed","template":"","meta":{"footnotes":""},"class_list":["post-17983","page","type-page","status-publish","hentry"],"_links":{"self":[{"href":"https:\/\/wiesenhausen.de\/index.php?rest_route=\/wp\/v2\/pages\/17983","targetHints":{"allow":["GET"]}}],"collection":[{"href":"https:\/\/wiesenhausen.de\/index.php?rest_route=\/wp\/v2\/pages"}],"about":[{"href":"https:\/\/wiesenhausen.de\/index.php?rest_route=\/wp\/v2\/types\/page"}],"author":[{"embeddable":true,"href":"https:\/\/wiesenhausen.de\/index.php?rest_route=\/wp\/v2\/users\/1"}],"replies":[{"embeddable":true,"href":"https:\/\/wiesenhausen.de\/index.php?rest_route=%2Fwp%2Fv2%2Fcomments&post=17983"}],"version-history":[{"count":21,"href":"https:\/\/wiesenhausen.de\/index.php?rest_route=\/wp\/v2\/pages\/17983\/revisions"}],"predecessor-version":[{"id":20890,"href":"https:\/\/wiesenhausen.de\/index.php?rest_route=\/wp\/v2\/pages\/17983\/revisions\/20890"}],"wp:attachment":[{"href":"https:\/\/wiesenhausen.de\/index.php?rest_route=%2Fwp%2Fv2%2Fmedia&parent=17983"}],"curies":[{"name":"wp","href":"https:\/\/api.w.org\/{rel}","templated":true}]}}