{"id":190,"date":"2014-06-13T13:53:16","date_gmt":"2014-06-13T13:53:16","guid":{"rendered":"http:\/\/192.168.2.101\/wordpress\/?page_id=190"},"modified":"2014-06-13T13:53:16","modified_gmt":"2014-06-13T13:53:16","slug":"national","status":"publish","type":"page","link":"https:\/\/wiesenhausen.de\/?page_id=190","title":{"rendered":"National"},"content":{"rendered":"<p>Der Fu\u00dfball ist die mit Abstand beliebteste Sportart in Meadowhouse und zieht jedes Wochenende regelrechte Massen in die Stadien. Die h\u00f6chste Spielklasse in Meadowhouse ist die First League Meadowhouse (abgek\u00fcrzt FLM) und die zweith\u00f6chste die Second League Meadowhouse (SLM). Der Fu\u00dfball hierzulande ist l\u00e4ngst nicht so abgehoben wie in manchen anderen Nationen, denn hier gibt es tats\u00e4chlich keinen Profifu\u00dfball. Die Spieler \u00fcben diese Sportart nicht als Beruf aus, sondern sozusagen als &#8222;Nebenjob&#8220; und verdienen auch dementsprechend wenig. Die Vereine in Meadowhouse haben eine lange Tradition und stammen zum Gro\u00dfteil noch aus gr\u00fcnl\u00e4ndischer Zeit. Die Stadien in Meadowhouse zeichnen sich durch eine famili\u00e4re, h\u00e4ufig aber auch hitzige Atmosph\u00e4re aus, was vorwiegend an den vielen Stehpl\u00e4tzen und an den relativ eng beieinander liegenden Trib\u00fcnen liegt. Der nationale Fu\u00dfballverband von Meadowhouse ist der FVM (Fu\u00dfballverband Meadowhouse) und steht seit 1812 unter der Leitung von Ex-Spieler Edward Elch.<\/p>\n","protected":false},"excerpt":{"rendered":"<p>Der Fu\u00dfball ist die mit Abstand beliebteste Sportart in Meadowhouse und zieht jedes Wochenende regelrechte Massen in die Stadien. Die h\u00f6chste Spielklasse in Meadowhouse ist die First League Meadowhouse (abgek\u00fcrzt FLM) und die zweith\u00f6chste die Second League Meadowhouse (SLM). Der Fu\u00dfball hierzulande ist l\u00e4ngst nicht so abgehoben wie in manchen anderen Nationen, denn hier gibt es tats\u00e4chlich keinen Profifu\u00dfball. Die Spieler \u00fcben diese Sportart nicht als Beruf aus, sondern sozusagen als &#8222;Nebenjob&#8220; und verdienen auch dementsprechend wenig. Die Vereine in Meadowhouse haben eine lange Tradition und stammen zum Gro\u00dfteil noch aus gr\u00fcnl\u00e4ndischer Zeit. Die Stadien in Meadowhouse zeichnen sich durch eine famili\u00e4re, h\u00e4ufig aber auch hitzige Atmosph\u00e4re aus, was vorwiegend <a class=\"more-link\" href=\"https:\/\/wiesenhausen.de\/?page_id=190\">Continue Reading \u2192<\/a><\/p>\n","protected":false},"author":1,"featured_media":0,"parent":0,"menu_order":0,"comment_status":"closed","ping_status":"closed","template":"","meta":{"footnotes":""},"class_list":["post-190","page","type-page","status-publish","hentry"],"_links":{"self":[{"href":"https:\/\/wiesenhausen.de\/index.php?rest_route=\/wp\/v2\/pages\/190","targetHints":{"allow":["GET"]}}],"collection":[{"href":"https:\/\/wiesenhausen.de\/index.php?rest_route=\/wp\/v2\/pages"}],"about":[{"href":"https:\/\/wiesenhausen.de\/index.php?rest_route=\/wp\/v2\/types\/page"}],"author":[{"embeddable":true,"href":"https:\/\/wiesenhausen.de\/index.php?rest_route=\/wp\/v2\/users\/1"}],"replies":[{"embeddable":true,"href":"https:\/\/wiesenhausen.de\/index.php?rest_route=%2Fwp%2Fv2%2Fcomments&post=190"}],"version-history":[{"count":0,"href":"https:\/\/wiesenhausen.de\/index.php?rest_route=\/wp\/v2\/pages\/190\/revisions"}],"wp:attachment":[{"href":"https:\/\/wiesenhausen.de\/index.php?rest_route=%2Fwp%2Fv2%2Fmedia&parent=190"}],"curies":[{"name":"wp","href":"https:\/\/api.w.org\/{rel}","templated":true}]}}