{"id":203,"date":"2014-06-13T14:09:45","date_gmt":"2014-06-13T14:09:45","guid":{"rendered":"http:\/\/192.168.2.101\/wordpress\/?page_id=203"},"modified":"2026-04-19T18:24:56","modified_gmt":"2026-04-19T18:24:56","slug":"second-league-meadowhouse","status":"publish","type":"page","link":"https:\/\/wiesenhausen.de\/?page_id=203","title":{"rendered":"Second League Meadowhouse North"},"content":{"rendered":"<p>Die Second League Meadowhouse ist die zweite meadowhousische Fu\u00dfballliga. Sie wurde 1810 gegr\u00fcndet und lief bis 1820 eingleisig. Nach dem Ostbekenntnis wurde sie von 20 auf 24 aufgestockt und lief so bis einschlie\u00dflich der Saison 1819\/1820 weiter. Als der FVM 1820 dann jedoch eine Reform des Ligafu\u00dfballs in Meadowhouse durchsetzte, wurde sie aufgesplittet in eine Nord- und eine S\u00fcdstaffel, um die hohe Belastung zu minimieren. Seit der Saison 1820\/1821 beherbergt jede Staffel wieder 20 Teams. Die Nord-S\u00fcd-Grenze verl\u00e4uft dabei quer durch die Hauptstadt Wiesenhausen, um den Anteil der Wiesenhausener Mannschaften in jeder Staffel ungef\u00e4hr gleichzuhalten. Es gibt in jeder Staffel zwei Aufstiegs- und drei Abstiegspl\u00e4tze, eine Relegation gibt es nicht. Wie viele Mannschaften aus den zugeh\u00f6rigen RLMs, die auch in Nord- und S\u00fcdstaffel aufgeteilt sind, entscheidet sich nach der Anzahl der jeweiligen Absteiger aus der FLM, die seit der Reform von 24 auf 20 Teams heruntergestockt wurde.<\/p>\n<p>Die aktuelle Tabelle: (Stand: 33. Spieltag)<\/p>\n<ol>\n<li>1. RFC Wiesen-Zentrum\u00a0 \u00a0 \u00a0 \u00a0 \u00a0 \u00a0 \u00a0 \u00a0 \u00a0 \u00a033\u00a0 \u00a022\u00a0 4\u00a0 7\u00a0 \u00a063:35\u00a0 +28\u00a0 \u00a0<strong>70<\/strong><\/li>\n<li>FC Gestr\u00fcppstadt\u00a0 \u00a0 \u00a0 \u00a0 \u00a0 \u00a0 \u00a0 \u00a0 \u00a0 \u00a0 \u00a0 \u00a0 \u00a0 \u00a0 \u00a0 33\u00a0 \u00a021\u00a0 5\u00a0 7\u00a0 \u00a066:29\u00a0 +37\u00a0 \u00a0<strong>68<\/strong><\/li>\n<li>1. FC Bad Quellfels\u00a0 \u00a0 \u00a0 \u00a0 \u00a0 \u00a0 \u00a0 \u00a0 \u00a0 \u00a0 \u00a0 \u00a0 \u00a0 \u00a033\u00a0 \u00a019\u00a0 9\u00a0 5\u00a0 \u00a063:32\u00a0 +31\u00a0 \u00a0<strong>66<\/strong><\/li>\n<li>VfL Br\u00fcckenreich\u00a0 \u00a0 \u00a0 \u00a0 \u00a0 \u00a0 \u00a0 \u00a0 \u00a0 \u00a0 \u00a0 \u00a0 \u00a0 \u00a0 \u00a0 \u00a033\u00a0 \u00a019\u00a0 7\u00a0 7\u00a0 \u00a063:38\u00a0 +25\u00a0 \u00a0<strong>64<\/strong><\/li>\n<li>FSV Bad Neureich\u00a0 \u00a0 \u00a0 \u00a0 \u00a0 \u00a0 \u00a0 \u00a0 \u00a0 \u00a0 \u00a0 \u00a0 \u00a0 \u00a0 33\u00a0 \u00a019\u00a0 6\u00a0 8\u00a0 \u00a059:37\u00a0 +22\u00a0 \u00a0<strong>63<\/strong><\/li>\n<li>KFC Fichtenberg\u00a0 \u00a0 \u00a0 \u00a0 \u00a0 \u00a0 \u00a0 \u00a0 \u00a0 \u00a0 \u00a0 \u00a0 \u00a0 \u00a0 \u00a0 \u00a033\u00a0 \u00a018\u00a0 8\u00a0 7\u00a0 \u00a056:33\u00a0 +23\u00a0 \u00a0<strong>62<\/strong><\/li>\n<li>NOS Westerdamm\u00a0 \u00a0 \u00a0 \u00a0 \u00a0 \u00a0 \u00a0 \u00a0 \u00a0 \u00a0 \u00a0 \u00a0 \u00a0 \u00a0 33\u00a0 \u00a019\u00a0 4\u00a0 10\u00a0 \u00a060:35\u00a0 +25\u00a0 \u00a0<strong>61<\/strong><\/li>\n<li>1. FC Hainau\u00a0 \u00a0 \u00a0 \u00a0 \u00a0 \u00a0 \u00a0 \u00a0 \u00a0 \u00a0 \u00a0 \u00a0 \u00a0 \u00a0 \u00a0 \u00a0 \u00a0 \u00a0 \u00a033\u00a0 \u00a015\u00a0 7\u00a0 11\u00a0 \u00a058:48\u00a0 +10\u00a0 \u00a0<strong>52<\/strong><\/li>\n<li>TSV Karburg 95\u00a0 \u00a0 \u00a0 \u00a0 \u00a0 \u00a0 \u00a0 \u00a0 \u00a0 \u00a0 \u00a0 \u00a0 \u00a0 \u00a0 \u00a0 \u00a0 33\u00a0 \u00a014\u00a0 9\u00a0 10\u00a0 \u00a059:47\u00a0 +12\u00a0 \u00a0<strong>51<\/strong><\/li>\n<li>TV Ost-Molchendorf\u00a0 \u00a0 \u00a0 \u00a0 \u00a0 \u00a0 \u00a0 \u00a0 \u00a0 \u00a0 \u00a0 \u00a0 \u00a0 33\u00a0 \u00a012\u00a0 8\u00a0 13\u00a0 \u00a042:54\u00a0 -12\u00a0 \u00a0<strong>44<\/strong><\/li>\n<li>SSV Tierhagen\u00a0 \u00a0 \u00a0 \u00a0 \u00a0 \u00a0 \u00a0 \u00a0 \u00a0 \u00a0 \u00a0 \u00a0 \u00a0 \u00a0 \u00a0 \u00a0 \u00a0 33\u00a0 \u00a010\u00a0 9\u00a0 14\u00a0 \u00a042:55\u00a0 -13\u00a0 \u00a0<strong>39<\/strong><\/li>\n<li>GSV Schloss Wolfenstein\u00a0 \u00a0 \u00a0 \u00a0 \u00a0 \u00a0 \u00a0 \u00a0 \u00a033\u00a0 \u00a010\u00a0 8\u00a0 15\u00a0 \u00a044:49\u00a0 -5\u00a0 \u00a0<strong>38<\/strong><\/li>\n<li>SC Molchendorf\u00a0 \u00a0 \u00a0 \u00a0 \u00a0 \u00a0 \u00a0 \u00a0 \u00a0 \u00a0 \u00a0 \u00a0 \u00a0 \u00a0 \u00a0 \u00a0 33\u00a0 \u00a010\u00a0 7\u00a0 16\u00a0 \u00a044:55\u00a0 -11\u00a0 \u00a0<strong>37<\/strong><\/li>\n<li>UV Urwald 1698\u00a0 \u00a0 \u00a0 \u00a0 \u00a0 \u00a0 \u00a0 \u00a0 \u00a0 \u00a0 \u00a0 \u00a0 \u00a0 \u00a0 \u00a0 \u00a0 33\u00a0 \u00a09\u00a0 7\u00a0 17\u00a0 \u00a040:54\u00a0 -14\u00a0 \u00a0<strong>34<\/strong><\/li>\n<li>SV Wiesendorf\u00a0 \u00a0 \u00a0 \u00a0 \u00a0 \u00a0 \u00a0 \u00a0 \u00a0 \u00a0 \u00a0 \u00a0 \u00a0 \u00a0 \u00a0 \u00a0 \u00a0 33\u00a0 \u00a010\u00a0 4\u00a0 19\u00a0 \u00a037:52\u00a0 -15\u00a0 \u00a0<strong>34<\/strong><\/li>\n<li>VfL Dernsund\u00a0 \u00a0 \u00a0 \u00a0 \u00a0 \u00a0 \u00a0 \u00a0 \u00a0 \u00a0 \u00a0 \u00a0 \u00a0 \u00a0 \u00a0 \u00a0 \u00a0 \u00a0 33\u00a0 \u00a08\u00a0 8\u00a0 17\u00a0 \u00a039:60\u00a0 -21\u00a0 \u00a0<strong>32<\/strong><\/li>\n<li>SV Marksaal\u00a0 \u00a0 \u00a0 \u00a0 \u00a0 \u00a0 \u00a0 \u00a0 \u00a0 \u00a0 \u00a0 \u00a0 \u00a0 \u00a0 \u00a0 \u00a0 \u00a0 \u00a0 \u00a0 33\u00a0 \u00a09\u00a0 4\u00a0 20\u00a0 \u00a044:60\u00a0 -16\u00a0 \u00a0<strong>31<\/strong><\/li>\n<li>UWFC Isen 1789\u00a0 \u00a0 \u00a0 \u00a0 \u00a0 \u00a0 \u00a0 \u00a0 \u00a0 \u00a0 \u00a0 \u00a0 \u00a0 \u00a0 \u00a0 \u00a033\u00a0 \u00a09\u00a0 2\u00a0 22\u00a0 \u00a028:63\u00a0 -35\u00a0 \u00a0<strong>29<\/strong><\/li>\n<li>SV Karlsburg am Isen\u00a0 \u00a0 \u00a0 \u00a0 \u00a0 \u00a0 \u00a0 \u00a0 \u00a0 \u00a0 \u00a0 \u00a033\u00a0 \u00a08\u00a0 4\u00a0 21\u00a0 \u00a034:75\u00a0 -41\u00a0 \u00a0<strong>28<\/strong><\/li>\n<li>FV Isbr\u00fcck 93\u00a0 \u00a0 \u00a0 \u00a0 \u00a0 \u00a0 \u00a0 \u00a0 \u00a0 \u00a0 \u00a0 \u00a0 \u00a0 \u00a0 \u00a0 \u00a0 \u00a0 \u00a0 33\u00a0 \u00a06\u00a0 4\u00a0 23\u00a0 \u00a036:63\u00a0 -27\u00a0 \u00a0<strong>25<\/strong><\/li>\n<\/ol>\n<p>33. Spieltag<\/p>\n<p>NOS Westerdamm &#8211; SC Molchendorf\u00a0 \u00a0 \u00a0 \u00a0 \u00a0 1:2 (1:1)\u00a0 \u00a0 \u00a0 \u00a0 \u00a0 \u00a0 \u00a0 \u00a0 \u00a0 \u00a0 \u00a0 \u00a0 \u00a0 (Anpfiff Fr., 19 Uhr)<\/p>\n<p>FSV Bad Neureich &#8211; TSV Karburg 95\u00a0 \u00a0 \u00a0 \u00a0 \u00a02:2 (1:1)<\/p>\n<p>SV Wiesendorf &#8211; GSV Schloss Wolfenstein\u00a0 \u00a0 \u00a0 \u00a0 \u00a0 2:0 (1:0)<\/p>\n<p>FV Isbr\u00fcck 93 &#8211; UWFC Isen 1789\u00a0 \u00a0 \u00a0 \u00a0 \u00a0 0:2 (0:1)<\/p>\n<p>TV Ost-Molchendorf &#8211; VfL Br\u00fcckenreich\u00a0 \u00a0 \u00a0 \u00a0 \u00a0 1:1 (0:1)<\/p>\n<p>VfL Dernsund &#8211; UV Urwald 1698\u00a0 \u00a0 \u00a0 \u00a0 \u00a0 2:1 (1:0)\u00a0 \u00a0 \u00a0 \u00a0 \u00a0 \u00a0 \u00a0 \u00a0 \u00a0 \u00a0 \u00a0 \u00a0 \u00a0 \u00a0 \u00a0 \u00a0(Anpfiff So., 15:30 Uhr)<\/p>\n<p>SV Marksaal &#8211; 1.RFC Wiesen-Zentrum\u00a0 \u00a0 \u00a0 \u00a0 \u00a0 \u00a01:2 (1:0)<\/p>\n<p>SSV Tierhagen &#8211; 1.FC Bad Quellfels\u00a0 \u00a0 \u00a0 \u00a0 \u00a0 0:0 (0:0)<\/p>\n<p>KFC Fichtenberg &#8211; SV Karlsburg am Isen\u00a0 \u00a0 \u00a0 \u00a0 \u00a0 3:0 (2:0)<\/p>\n<p>FC Gestr\u00fcppstadt &#8211; 1.FC Hainau\u00a0 \u00a0 \u00a0 \u00a0 \u00a0 2:2 (2:1)<\/p>\n","protected":false},"excerpt":{"rendered":"<p>Die Second League Meadowhouse ist die zweite meadowhousische Fu\u00dfballliga. Sie wurde 1810 gegr\u00fcndet und lief bis 1820 eingleisig. Nach dem Ostbekenntnis wurde sie von 20 auf 24 aufgestockt und lief so bis einschlie\u00dflich der Saison 1819\/1820 weiter. Als der FVM 1820 dann jedoch eine Reform des Ligafu\u00dfballs in Meadowhouse durchsetzte, wurde sie aufgesplittet in eine Nord- und eine S\u00fcdstaffel, um die hohe Belastung zu minimieren. Seit der Saison 1820\/1821 beherbergt jede Staffel wieder 20 Teams. Die Nord-S\u00fcd-Grenze verl\u00e4uft dabei quer durch die Hauptstadt Wiesenhausen, um den Anteil der Wiesenhausener Mannschaften in jeder Staffel ungef\u00e4hr gleichzuhalten. Es gibt in jeder Staffel zwei Aufstiegs- und drei Abstiegspl\u00e4tze, eine Relegation gibt es nicht. <a class=\"more-link\" href=\"https:\/\/wiesenhausen.de\/?page_id=203\">Continue Reading \u2192<\/a><\/p>\n","protected":false},"author":1,"featured_media":0,"parent":0,"menu_order":0,"comment_status":"closed","ping_status":"closed","template":"","meta":{"footnotes":""},"class_list":["post-203","page","type-page","status-publish","hentry"],"_links":{"self":[{"href":"https:\/\/wiesenhausen.de\/index.php?rest_route=\/wp\/v2\/pages\/203","targetHints":{"allow":["GET"]}}],"collection":[{"href":"https:\/\/wiesenhausen.de\/index.php?rest_route=\/wp\/v2\/pages"}],"about":[{"href":"https:\/\/wiesenhausen.de\/index.php?rest_route=\/wp\/v2\/types\/page"}],"author":[{"embeddable":true,"href":"https:\/\/wiesenhausen.de\/index.php?rest_route=\/wp\/v2\/users\/1"}],"replies":[{"embeddable":true,"href":"https:\/\/wiesenhausen.de\/index.php?rest_route=%2Fwp%2Fv2%2Fcomments&post=203"}],"version-history":[{"count":2579,"href":"https:\/\/wiesenhausen.de\/index.php?rest_route=\/wp\/v2\/pages\/203\/revisions"}],"predecessor-version":[{"id":28730,"href":"https:\/\/wiesenhausen.de\/index.php?rest_route=\/wp\/v2\/pages\/203\/revisions\/28730"}],"wp:attachment":[{"href":"https:\/\/wiesenhausen.de\/index.php?rest_route=%2Fwp%2Fv2%2Fmedia&parent=203"}],"curies":[{"name":"wp","href":"https:\/\/api.w.org\/{rel}","templated":true}]}}