{"id":23747,"date":"2023-11-18T15:04:06","date_gmt":"2023-11-18T15:04:06","guid":{"rendered":"https:\/\/wiesenhausen.de\/?page_id=23747"},"modified":"2023-11-18T19:23:40","modified_gmt":"2023-11-18T19:23:40","slug":"weltwahl-1815-2","status":"publish","type":"page","link":"https:\/\/wiesenhausen.de\/?page_id=23747","title":{"rendered":"Weltwahl 1815"},"content":{"rendered":"<p>Hier sehen Sie alle Ergebnisse zur Weltwahl 1815, stattgefunden am 15. November 1815.<\/p>\n<p>Die Voraussetzungen im Vorfeld waren sehr von den kriegerischen Auseinandersetzungen mehrerer Staaten (Erkietenland, Miwan\/Iranja), der Weltschlacht im Sp\u00e4tsommer 1812 und globalen Terrorbewegungen gezeichnet. Zudem gab es interuniversell gro\u00dfe Probleme im Umgang mit der B\u00f6sen Welt, die letztendlich aus dem Weltenbund ausgeschlossen wurde. Der amtierende Weltkaiser Archibald Helobos trat aufgrund weltweiter Kritik an seiner Arbeit nicht mehr an.<\/p>\n<p><strong>Lieber Weltkaiser:<\/strong><\/p>\n<p><em><strong>Lieber Apfulkrax: 26,1 %<\/strong><\/em><br \/>\nVelk\u00e0 Fatra: 25,4 %<br \/>\nFelix Westerholz: 25,0 %<br \/>\nMatthew Cannyen: 23,5 %<\/p>\n<p><strong>Innendromorniss:<\/strong><\/p>\n<p><em><strong>Leopold von Lassver (Amtsinhaber): 77,2 %<\/strong><\/em><br \/>\nMaximilian Laker: 22,8 %<\/p>\n<p><strong>Au\u00dfendromorniss:<\/strong><\/p>\n<p><em><strong>Hemes F. Rems: 62,5 %<\/strong><\/em><br \/>\nKarl Lenovo: 37,5 %<\/p>\n<p><strong>Wirtschaftsdromorniss:<\/strong><\/p>\n<p><em><strong>Wilfried Betz: 55,1 %<\/strong><\/em><br \/>\nManfred Goldkamp: 44,9 %<\/p>\n<p><strong>Finanzdromorniss:<\/strong><\/p>\n<p><em><strong>Lord Knackser (Amtsinhaber): 55,7 %<\/strong><\/em><br \/>\nSteven Bernstein: 44,3 %<\/p>\n<p><strong>Justizdromorniss:<\/strong><\/p>\n<p><em><strong>Gerhard S. Herme (Amtsinhaber): 56,9 %<\/strong><\/em><br \/>\nDevjoki Nuhax: 43,1 %<\/p>\n<p><strong>Verteidigungsdromorniss:<\/strong><\/p>\n<p><em><strong>Gro\u00dfus Kriegerus (Amtsinhaber): 50,5 %<\/strong><\/em><br \/>\nFranz-Ludwig von Adlerburg: 49,5 %<\/p>\n<p><strong>Umweltdromorniss:<\/strong><\/p>\n<p><em><strong>Leopold Waldapfel (Amtsinhaber): 65,3 %<\/strong><\/em><br \/>\nWilhelmine Wei\u00dftanne: 34,7 %<\/p>\n<p><strong>Sozialdromorniss:<\/strong><\/p>\n<p><em><strong>Amadeus Sininger (Amtsinhaber): 66,0 %<\/strong><\/em><br \/>\nJan Kaskos: 34,0 %<\/p>\n<p><strong>Entwicklungsdromorniss:<\/strong><\/p>\n<p><em><strong>Steffen A. Winter (Amtsinhaber): 66,9 %<\/strong><\/em><br \/>\nDonald Eremenkic: 33,1 %<\/p>\n<p><strong>Gesundheitsdromorniss:<\/strong><\/p>\n<p><em><strong>Dagobert Georgie (Amtsinhaber): 83,8 %<\/strong><\/em><br \/>\nVincent von Schneck: 16,2 %<\/p>\n<p><strong>Bildungsdromorniss:<\/strong><\/p>\n<p><em><strong>Albus Dumbledore: 61,5 %<\/strong><\/em><br \/>\nBella de Vere: 38,5 %<\/p>\n<p><strong>Sicherheitsdromorniss:<\/strong><\/p>\n<p><em><strong>Auge: 55,8 %<\/strong><\/em><br \/>\nMarko Maszli\u0161ku\u0161 (Amtsinhaber): 44,2 %<\/p>\n<p><strong>Verkehrsdromorniss:<\/strong><\/p>\n<p><em><strong>Christoph Botao: 51,4 %<\/strong><\/em><br \/>\nPercival S. McLeach (Amtsinhaber): 48,6 %<\/p>\n<p><strong>Sportdromorniss:<\/strong><\/p>\n<p><em><strong>Dagobert Duck (Amtsinhaber): 72,1 %<\/strong><\/em><br \/>\nBj\u00f6rne Schneckenstone: 27,1 %<\/p>\n<p><strong>Kulturdromorniss:<\/strong><\/p>\n<p><em><strong>Mirco Magiaro: 56,1 %<\/strong><\/em><br \/>\nMadeleine Bainbridge: 43,9 %<\/p>\n<p><strong>Solidarit\u00e4tsdromorniss:<\/strong><\/p>\n<p><em><strong>Dobby: 56,4 %<\/strong><\/em><br \/>\nDragomir: 43,6 %<\/p>\n","protected":false},"excerpt":{"rendered":"<p>Hier sehen Sie alle Ergebnisse zur Weltwahl 1815, stattgefunden am 15. November 1815. Die Voraussetzungen im Vorfeld waren sehr von den kriegerischen Auseinandersetzungen mehrerer Staaten (Erkietenland, Miwan\/Iranja), der Weltschlacht im Sp\u00e4tsommer 1812 und globalen Terrorbewegungen gezeichnet. Zudem gab es interuniversell gro\u00dfe Probleme im Umgang mit der B\u00f6sen Welt, die letztendlich aus dem Weltenbund ausgeschlossen wurde. Der amtierende Weltkaiser Archibald Helobos trat aufgrund weltweiter Kritik an seiner Arbeit nicht mehr an. Lieber Weltkaiser: Lieber Apfulkrax: 26,1 % Velk\u00e0 Fatra: 25,4 % Felix Westerholz: 25,0 % Matthew Cannyen: 23,5 % Innendromorniss: Leopold von Lassver (Amtsinhaber): 77,2 % Maximilian Laker: 22,8 % Au\u00dfendromorniss: Hemes F. Rems: 62,5 % Karl Lenovo: 37,5 % Wirtschaftsdromorniss: <a class=\"more-link\" href=\"https:\/\/wiesenhausen.de\/?page_id=23747\">Continue Reading \u2192<\/a><\/p>\n","protected":false},"author":1,"featured_media":0,"parent":0,"menu_order":0,"comment_status":"closed","ping_status":"closed","template":"","meta":{"footnotes":""},"class_list":["post-23747","page","type-page","status-publish","hentry"],"_links":{"self":[{"href":"https:\/\/wiesenhausen.de\/index.php?rest_route=\/wp\/v2\/pages\/23747","targetHints":{"allow":["GET"]}}],"collection":[{"href":"https:\/\/wiesenhausen.de\/index.php?rest_route=\/wp\/v2\/pages"}],"about":[{"href":"https:\/\/wiesenhausen.de\/index.php?rest_route=\/wp\/v2\/types\/page"}],"author":[{"embeddable":true,"href":"https:\/\/wiesenhausen.de\/index.php?rest_route=\/wp\/v2\/users\/1"}],"replies":[{"embeddable":true,"href":"https:\/\/wiesenhausen.de\/index.php?rest_route=%2Fwp%2Fv2%2Fcomments&post=23747"}],"version-history":[{"count":3,"href":"https:\/\/wiesenhausen.de\/index.php?rest_route=\/wp\/v2\/pages\/23747\/revisions"}],"predecessor-version":[{"id":23786,"href":"https:\/\/wiesenhausen.de\/index.php?rest_route=\/wp\/v2\/pages\/23747\/revisions\/23786"}],"wp:attachment":[{"href":"https:\/\/wiesenhausen.de\/index.php?rest_route=%2Fwp%2Fv2%2Fmedia&parent=23747"}],"curies":[{"name":"wp","href":"https:\/\/api.w.org\/{rel}","templated":true}]}}