{"id":239,"date":"2014-10-11T16:33:15","date_gmt":"2014-10-11T16:33:15","guid":{"rendered":"http:\/\/192.168.2.101\/wordpress\/?page_id=239"},"modified":"2023-11-18T18:49:35","modified_gmt":"2023-11-18T18:49:35","slug":"helobos","status":"publish","type":"page","link":"https:\/\/wiesenhausen.de\/?page_id=239","title":{"rendered":"Lieber Apfulkrax"},"content":{"rendered":"<p>Der Liebe Apfulkrax, ja so hei\u00dft er wirklich, ist der aktuelle Liebe Weltkaiser. Er wurde 1815 gew\u00e4hlt in einer denkbar knappen Wahl, wo mehrere Kandidaten fast gleichauf lagen. Er setzte sich gegen den Favoriten Velka Fatra durch, der zuvor Wirtschaftsdromorniss gewesen war. Der Liebe Apfulkrax stammt urspr\u00fcnglich aus der Roboterwelt, emigrierte aber fr\u00fch in die Liebe Welt und engagierte sich dort direkt in der Politik, sp\u00e4ter aber auch im Sport und in der Technik. Er repr\u00e4sentiert damit die Liebe Welt, da es hier \u00fcblich ist, in mehreren Branchen gleichzeitig t\u00e4tig zu sein. So war er jahrelang im Milit\u00e4r t\u00e4tig, von 1811-1813 auch als Oberstfeldwebel der Lieben Armee, bevor er von Dobby abgel\u00f6st wurde. Er trainierte jedoch auch mehrere Fu\u00dfballvereine, so war er von 1810-1813 Trainer des Koenigsliga-Klubs 1.FC Duckenburgh. Zudem sa\u00df er jahrelang im meadowhousischen Parlament. Er besitzt zwei Staatsb\u00fcrgerschaften, zum einen die paradiesische, da er hier nach seiner Einwanderung die l\u00e4ngste Zeit lebte, sp\u00e4ter jedoch nahm er auch die meadowhousische Staatsb\u00fcrgerschaft an. Seine Politik ist trotz seiner jahrelangen Zugeh\u00f6rigkeit zum Milit\u00e4r eher links gepr\u00e4gt, vor allem im wirtschafts- und entwicklungspolitischen Bereich. Jedoch deckt er in einigen Bereichen auch das konservative Denken ab, zum Beispiel beim Vorgehen gegen die B\u00f6se Welt oder in der Frage von sicherheitspolitischen Aspekten. Er \u00fcbernahm das Amt 1815 von Helobos, der wegen zu gro\u00dfem Widerstand der Weltbev\u00f6lkerung nicht mehr angetreten war, in einer schwierigen Zeit. Die Welt war gepr\u00e4gt von Sicherheitsl\u00fccken und daraus resultierenden Terroranschl\u00e4gen, entwicklungspolitischen R\u00fcckschritten und politischen Krisen. Er schaffte es jedoch schnell, die Liebe Welt zu stabilisieren und verfolgt nun seine geplante Politik mit der Dromornissenschaft. Er griff dabei auch Reizthemen auf wie das Abschaffen der Todesstrafe weltweit auf und eckte damit bei so manchem Staatschef an. 1819 siegte er mit einem Rekordergebnis von 58,6 % und best\u00e4tigte damit seine getane Arbeit w\u00e4hrend der ersten Amtsperiode. Nach anfangs turbulenten Zeiten regierte er mit gr\u00f6\u00dftenteils zur\u00fcckhaltender Art und mischte sich nur in Ausnahmef\u00e4llen in konkrete politische Ereignisse ein. Bei der Weltwahl 1823 erreichte er mit 53,6 % ein \u00e4hnliches Niveau wie 1819 und ging damit ungef\u00e4hrdet in eine dritte Amtszeit. 1827 wird das n\u00e4chste Mal gew\u00e4hlt.<\/p>\n","protected":false},"excerpt":{"rendered":"<p>Der Liebe Apfulkrax, ja so hei\u00dft er wirklich, ist der aktuelle Liebe Weltkaiser. Er wurde 1815 gew\u00e4hlt in einer denkbar knappen Wahl, wo mehrere Kandidaten fast gleichauf lagen. Er setzte sich gegen den Favoriten Velka Fatra durch, der zuvor Wirtschaftsdromorniss gewesen war. Der Liebe Apfulkrax stammt urspr\u00fcnglich aus der Roboterwelt, emigrierte aber fr\u00fch in die Liebe Welt und engagierte sich dort direkt in der Politik, sp\u00e4ter aber auch im Sport und in der Technik. Er repr\u00e4sentiert damit die Liebe Welt, da es hier \u00fcblich ist, in mehreren Branchen gleichzeitig t\u00e4tig zu sein. So war er jahrelang im Milit\u00e4r t\u00e4tig, von 1811-1813 auch als Oberstfeldwebel der Lieben Armee, bevor er von <a class=\"more-link\" href=\"https:\/\/wiesenhausen.de\/?page_id=239\">Continue Reading \u2192<\/a><\/p>\n","protected":false},"author":1,"featured_media":0,"parent":0,"menu_order":0,"comment_status":"closed","ping_status":"closed","template":"","meta":{"footnotes":""},"class_list":["post-239","page","type-page","status-publish","hentry"],"_links":{"self":[{"href":"https:\/\/wiesenhausen.de\/index.php?rest_route=\/wp\/v2\/pages\/239","targetHints":{"allow":["GET"]}}],"collection":[{"href":"https:\/\/wiesenhausen.de\/index.php?rest_route=\/wp\/v2\/pages"}],"about":[{"href":"https:\/\/wiesenhausen.de\/index.php?rest_route=\/wp\/v2\/types\/page"}],"author":[{"embeddable":true,"href":"https:\/\/wiesenhausen.de\/index.php?rest_route=\/wp\/v2\/users\/1"}],"replies":[{"embeddable":true,"href":"https:\/\/wiesenhausen.de\/index.php?rest_route=%2Fwp%2Fv2%2Fcomments&post=239"}],"version-history":[{"count":4,"href":"https:\/\/wiesenhausen.de\/index.php?rest_route=\/wp\/v2\/pages\/239\/revisions"}],"predecessor-version":[{"id":23774,"href":"https:\/\/wiesenhausen.de\/index.php?rest_route=\/wp\/v2\/pages\/239\/revisions\/23774"}],"wp:attachment":[{"href":"https:\/\/wiesenhausen.de\/index.php?rest_route=%2Fwp%2Fv2%2Fmedia&parent=239"}],"curies":[{"name":"wp","href":"https:\/\/api.w.org\/{rel}","templated":true}]}}