{"id":25277,"date":"2024-08-03T11:25:35","date_gmt":"2024-08-03T11:25:35","guid":{"rendered":"https:\/\/wiesenhausen.de\/?page_id=25277"},"modified":"2024-08-03T11:25:35","modified_gmt":"2024-08-03T11:25:35","slug":"reichswahlen-1814","status":"publish","type":"page","link":"https:\/\/wiesenhausen.de\/?page_id=25277","title":{"rendered":"Reichswahlen 1814"},"content":{"rendered":"<p>In diesem Jahr standen in Meadowhouse zum zweiten Mal die Reichswahlen an. Dies ist der Oberbegriff f\u00fcr die stets im selben Jahr stattfindenden Parlaments- und K\u00f6nigswahlen im Staat. Dies war im Rahmen der K\u00f6nigswahlen die letzte Wahl nach dem alten Wahlrecht, nach der jede Partei einen eigenen K\u00f6nigskandidaten aufstellen konnte.<\/p>\n<p>Die Ausgangslage waren schwelende Konflikte auf der Lieben Welt, die Aufr\u00e4umaktionen nach der Weltschlacht 1812, die Frage nach Volksentscheiden, der Energiegewinnung und insbesondere der Atomkraft, sowie die grunds\u00e4tzliche politische Ausrichtung des erst vierj\u00e4hrigen Staates Meadowhouse. Erstmals kam es zu reichsweiten Wahlen, da 1812 nach dem Ostbekenntnis auch die \u00f6stlichen Teile Gr\u00fcnlands sich Meadowhouse anschlossen.<\/p>\n","protected":false},"excerpt":{"rendered":"<p>In diesem Jahr standen in Meadowhouse zum zweiten Mal die Reichswahlen an. Dies ist der Oberbegriff f\u00fcr die stets im selben Jahr stattfindenden Parlaments- und K\u00f6nigswahlen im Staat. Dies war im Rahmen der K\u00f6nigswahlen die letzte Wahl nach dem alten Wahlrecht, nach der jede Partei einen eigenen K\u00f6nigskandidaten aufstellen konnte. Die Ausgangslage waren schwelende Konflikte auf der Lieben Welt, die Aufr\u00e4umaktionen nach der Weltschlacht 1812, die Frage nach Volksentscheiden, der Energiegewinnung und insbesondere der Atomkraft, sowie die grunds\u00e4tzliche politische Ausrichtung des erst vierj\u00e4hrigen Staates Meadowhouse. Erstmals kam es zu reichsweiten Wahlen, da 1812 nach dem Ostbekenntnis auch die \u00f6stlichen Teile Gr\u00fcnlands sich Meadowhouse anschlossen.<\/p>\n","protected":false},"author":1,"featured_media":0,"parent":0,"menu_order":0,"comment_status":"closed","ping_status":"closed","template":"","meta":{"footnotes":""},"class_list":["post-25277","page","type-page","status-publish","hentry"],"_links":{"self":[{"href":"https:\/\/wiesenhausen.de\/index.php?rest_route=\/wp\/v2\/pages\/25277","targetHints":{"allow":["GET"]}}],"collection":[{"href":"https:\/\/wiesenhausen.de\/index.php?rest_route=\/wp\/v2\/pages"}],"about":[{"href":"https:\/\/wiesenhausen.de\/index.php?rest_route=\/wp\/v2\/types\/page"}],"author":[{"embeddable":true,"href":"https:\/\/wiesenhausen.de\/index.php?rest_route=\/wp\/v2\/users\/1"}],"replies":[{"embeddable":true,"href":"https:\/\/wiesenhausen.de\/index.php?rest_route=%2Fwp%2Fv2%2Fcomments&post=25277"}],"version-history":[{"count":1,"href":"https:\/\/wiesenhausen.de\/index.php?rest_route=\/wp\/v2\/pages\/25277\/revisions"}],"predecessor-version":[{"id":25278,"href":"https:\/\/wiesenhausen.de\/index.php?rest_route=\/wp\/v2\/pages\/25277\/revisions\/25278"}],"wp:attachment":[{"href":"https:\/\/wiesenhausen.de\/index.php?rest_route=%2Fwp%2Fv2%2Fmedia&parent=25277"}],"curies":[{"name":"wp","href":"https:\/\/api.w.org\/{rel}","templated":true}]}}