{"id":253,"date":"2014-10-27T21:12:40","date_gmt":"2014-10-27T21:12:40","guid":{"rendered":"http:\/\/192.168.2.101\/wordpress\/?page_id=253"},"modified":"2020-10-14T20:59:59","modified_gmt":"2020-10-14T20:59:59","slug":"moerdern-macht-spass","status":"publish","type":"page","link":"https:\/\/wiesenhausen.de\/?page_id=253","title":{"rendered":"M\u00f6rdern macht Spa\u00df"},"content":{"rendered":"<p>Die Actionkrimiserie &#8222;M\u00f6rdern macht Spa\u00df&#8220; (MMS) war die Erfolgsserie der CronbergStudios Saphirento und das Lebenswerk des Studiogr\u00fcnders Archibald Cronberg. Seit dem Sommer 1810, also kurz vor der Unabh\u00e4ngigkeit Meadowhouse&#8216; von Gr\u00fcnland, liefen die Dreharbeiten zu den insgesamt vierzig Filmen. Die letzte Folge, MMS 38-40, ein gro\u00dfer Dreiteiler, war Mitte 1815 dann aber das Ende der erfolgreichsten Serie in der Filmgeschichte der Lieben Welt. F\u00fcnf Jahre war diese gelaufen und hatte so manchem Schauspieler zum Durchbruch verholfen und die Drei Dromornisse Gerhard S. Herme, Hemes F. Rems und Steffen A. Winter zu echten Meistern ihres Schauspielfachs gemacht. Doch auch andere hochrangige Pers\u00f6nlichkeiten wie K\u00f6nig Johannes I. und auch die Dromornissenschaft und der damalige Weltkaiser Helobos wirkten in einigen Filmen immer wieder mit, genauso wie die Wiesenhausener Polizei um Edgar Kranz.<\/p>\n<p>Der Name der Serie kommt von der B\u00f6sen Mafiaorganisation MMS, die \u00e4hnliche Ziele verfolgt wie im Film. Alle im Film dargestellten MMS-Pers\u00f6nlichkeiten gibt es auch in der Realit\u00e4t, weshalb die Filme auch sehr real wirken. Zum Ende der Reihe starben alle B\u00f6sen Charaktere, wovon die Realit\u00e4t noch weit entfernt ist; erst 1813 gab es noch Verhandlungen zwischen der Dromornissenschaft und MMS um dauerhaften Frieden, die aber letztendlich scheiterten. In den F\u00e4llen, die letzten drei einer Dekade wurden jeweils als Dreiteiler gedreht, ging es meist darum, dass MMS der Lieben Welt, teilweise aber auch nur Meadowhouse oder den Drei Dromornissen Schaden zuf\u00fcgen oder sie beseitigen wollte. Zumeist, besonders seit in MMS 14 der MMS-Chef, das Phantom, aufgetaucht war, entkamen die wichtigen MMS-Gener\u00e4le immer in letzter Sekunde vor den Drei Dromornissen, der Polizei oder der Lieben Armee, sodass ein neuer Fall kreiert werden konnte; im letzten Dreiteiler MMS 38-40 war dies dann aber nicht mehr der Fall.<\/p>\n<p>Nun folgen chronologisch alle MMS-Teile, die von 1810 &#8211; 1815 in den CronbergStudios gedreht wurden:<\/p>\n<ol>\n<li>MMS &#8211; Die Entdeckung (1810)<\/li>\n<li>MMS &#8211; Neues von MMS (1810)<\/li>\n<li>MMS &#8211; Ein skrupelloser M\u00f6rder (1810)<\/li>\n<li>MMS &#8211; Bedrohte Herrscher (1811)<\/li>\n<li>MMS &#8211; Der Feuerteufel (1811)<\/li>\n<li>MMS &#8211; Zur\u00fcck am St. Antonius (1811)<\/li>\n<li>MMS\u00a0&#8211; Terror in Wiesenhausen (1811)<\/li>\n<li>MMS &#8211; Der K\u00f6nig ist tot (1811)*<\/li>\n<li>MMS &#8211; Reise nach Avasjanrav (1811)*<\/li>\n<li>MMS &#8211; Schrecken in Meadowhouse (1811)*<\/li>\n<li>MMS &#8211; Giftanschlag (1811)<\/li>\n<li>MMS &#8211; Angriff aus der B\u00f6sen Welt (1812)<\/li>\n<li>MMS &#8211; Die Khevenbach-Verschw\u00f6rung (1812)<\/li>\n<li>MMS &#8211; Flug ins Jenseits (1812)<\/li>\n<li>MMS &#8211; Die Rache des Phantoms (1812)<\/li>\n<li>MMS &#8211; Krieg auf See (1812)<\/li>\n<li>MMS &#8211; Die H\u00fctte im D\u00fcsterwald (1812)<\/li>\n<li>MMS &#8211; Die Geisterstadt (1812)*<\/li>\n<li>MMS &#8211; Das verfluchte Medaillon (1812)*<\/li>\n<li>MMS &#8211; Fluch des Vollmonds (1812)*<\/li>\n<li>MMS &#8211; Operation Justizdromorniss (1812)<\/li>\n<li>MMS\u00a0&#8211; Mord im Herrenhaus (1812)<\/li>\n<li>MMS &#8211; Das Geheimnis der Cremessimo (1812)<\/li>\n<li>MMS &#8211; Die Drei Dromornisse (1812)<\/li>\n<li>MMS &#8211; Strattons Rache (1813)**<\/li>\n<li>MMS &#8211; Doppelte T\u00e4uschung (1813)<\/li>\n<li>MMS &#8211; Der M\u00f6nch ohne Gesicht (1813)<\/li>\n<li>MMS &#8211; Die H\u00fcgel von Meadowhouse (1813)*<\/li>\n<li>MMS &#8211; Die R\u00fcckkehr der Schwarzen Reiter (1813)*<\/li>\n<li>MMS &#8211; Kampf gegen die Finsternis (1813)*<\/li>\n<li>MMS &#8211; B\u00f6se (1813)<\/li>\n<li>MMS &#8211; Von B\u00f6sen M\u00e4chten wunderbar geborgen (1813)<\/li>\n<li>MMS &#8211; Odyssee des Grauens (1814)<\/li>\n<li>MMS &#8211; Das Pulverfass (1814)<\/li>\n<li>MMS &#8211; Rule Meadowhouse (1814)<\/li>\n<li>MMS &#8211; Gr\u00fcner Nebel (1814)<\/li>\n<li>MMS &#8211; Botschaft aus der Vergangenheit (1814)<\/li>\n<li>MMS &#8211; Das Ultimatum (1815)***<\/li>\n<li>MMS &#8211; Vor den Toren des Phantoms (1815)***<\/li>\n<li>MMS &#8211; Spiel des Lebens (1815)***<\/li>\n<\/ol>\n<p>*\u00a0\u00a0\u00a0\u00a0 In Dreiteilern gedreht<br \/>\n**\u00a0\u00a0 MMS 25 besteht aus zwei Teilen: I. Wiesenhausen in Flammen \/ II. In den Klauen des Phantoms<br \/>\n*** Name des Dreiteilers: Der dunkle Soldat<\/p>\n<p>&nbsp;<\/p>\n<p>Die erfolgreichsten drei MMS-Teile aus der Gesamtreihe:<\/p>\n<ol>\n<li>MMS 38 \/ 39 \/ 40<\/li>\n<li>MMS 28 \/ 29 \/ 30<\/li>\n<li>MMS 27<\/li>\n<\/ol>\n<p>&nbsp;<\/p>\n<p>MMS brachte vielen Schauspielern gro\u00dfen Erfolg und ihren internationalen Durchbruch. Gerhard Herme, Hemes Rems und Steffen Winter wurden f\u00fcr Goldene L\u00f6wen nominiert, Phantom-Darsteller Frank Busch gewann f\u00fcr den letzten MMS-Teil sogar den Goldenen L\u00f6wen als Bester Nebendarsteller. Auch Niklas Hornby, der Phantom-Handlanger Stratton spielte, war f\u00fcr einen Goldenen L\u00f6wen nominiert. Jeder der vier Dreiteiler war in der Kategorie &#8222;Bester Film&#8220; nominiert, der letzte Dreiteiler gewann dann schlie\u00dflich auch, ebenfalls wurde Regisseur Cronberg als bester Regisseur ausgezeichnet.<\/p>\n","protected":false},"excerpt":{"rendered":"<p>Die Actionkrimiserie &#8222;M\u00f6rdern macht Spa\u00df&#8220; (MMS) war die Erfolgsserie der CronbergStudios Saphirento und das Lebenswerk des Studiogr\u00fcnders Archibald Cronberg. Seit dem Sommer 1810, also kurz vor der Unabh\u00e4ngigkeit Meadowhouse&#8216; von Gr\u00fcnland, liefen die Dreharbeiten zu den insgesamt vierzig Filmen. Die letzte Folge, MMS 38-40, ein gro\u00dfer Dreiteiler, war Mitte 1815 dann aber das Ende der erfolgreichsten Serie in der Filmgeschichte der Lieben Welt. F\u00fcnf Jahre war diese gelaufen und hatte so manchem Schauspieler zum Durchbruch verholfen und die Drei Dromornisse Gerhard S. Herme, Hemes F. Rems und Steffen A. Winter zu echten Meistern ihres Schauspielfachs gemacht. Doch auch andere hochrangige Pers\u00f6nlichkeiten wie K\u00f6nig Johannes I. und auch die Dromornissenschaft und <a class=\"more-link\" href=\"https:\/\/wiesenhausen.de\/?page_id=253\">Continue Reading \u2192<\/a><\/p>\n","protected":false},"author":1,"featured_media":0,"parent":0,"menu_order":0,"comment_status":"closed","ping_status":"closed","template":"","meta":{"footnotes":""},"class_list":["post-253","page","type-page","status-publish","hentry"],"_links":{"self":[{"href":"https:\/\/wiesenhausen.de\/index.php?rest_route=\/wp\/v2\/pages\/253","targetHints":{"allow":["GET"]}}],"collection":[{"href":"https:\/\/wiesenhausen.de\/index.php?rest_route=\/wp\/v2\/pages"}],"about":[{"href":"https:\/\/wiesenhausen.de\/index.php?rest_route=\/wp\/v2\/types\/page"}],"author":[{"embeddable":true,"href":"https:\/\/wiesenhausen.de\/index.php?rest_route=\/wp\/v2\/users\/1"}],"replies":[{"embeddable":true,"href":"https:\/\/wiesenhausen.de\/index.php?rest_route=%2Fwp%2Fv2%2Fcomments&post=253"}],"version-history":[{"count":12,"href":"https:\/\/wiesenhausen.de\/index.php?rest_route=\/wp\/v2\/pages\/253\/revisions"}],"predecessor-version":[{"id":16701,"href":"https:\/\/wiesenhausen.de\/index.php?rest_route=\/wp\/v2\/pages\/253\/revisions\/16701"}],"wp:attachment":[{"href":"https:\/\/wiesenhausen.de\/index.php?rest_route=%2Fwp%2Fv2%2Fmedia&parent=253"}],"curies":[{"name":"wp","href":"https:\/\/api.w.org\/{rel}","templated":true}]}}