{"id":257,"date":"2014-10-31T15:30:56","date_gmt":"2014-10-31T15:30:56","guid":{"rendered":"http:\/\/192.168.2.101\/wordpress\/?page_id=257"},"modified":"2014-10-31T15:30:56","modified_gmt":"2014-10-31T15:30:56","slug":"spo","status":"publish","type":"page","link":"https:\/\/wiesenhausen.de\/?page_id=257","title":{"rendered":"SPO"},"content":{"rendered":"<p>Das Sichtburgher Palastorchester (SPO) ist das bekannteste und renommierteste Orchester aus Mittelland in Nordatcanien. Aber auch international ist das Orchester hoch angesehen. Geleitet wird es von Mirco Magiaro, der als Hauptkomponist auch f\u00fcr die BEFIM t\u00e4tig ist. Er erhielt die Leitung im Jahr 1812 als Nachfolger von Rudi Rabe.<\/p>\n<p>Die bekanntesten St\u00fccke des SPO&#8217;s, das 1755 von Ulrich Niederhoff gegr\u00fcndet wurde, sind beispielsweise das Teest\u00e4ndchen, Alieninvasion, Wiesenhausener Marinemarsch, der Ehrenmarsch, der Song und Eine Reise durch die Pr\u00e4rie. Stand heute z\u00e4hlt das Orchester etwa 120 Mitglieder und weitere 100 Mitwirkende. Besonders beliebt sind auch die Ko-Produktionen mit der BEFIM oder dem Polsingerscherscher Hauptstadtorchester (PHO). Ber\u00fchmte Musiker des SPO&#8217;s sind Jochen Jurdland, Theodor Iistven, Peter Draumann und Otto Badbig.<\/p>\n","protected":false},"excerpt":{"rendered":"<p>Das Sichtburgher Palastorchester (SPO) ist das bekannteste und renommierteste Orchester aus Mittelland in Nordatcanien. Aber auch international ist das Orchester hoch angesehen. Geleitet wird es von Mirco Magiaro, der als Hauptkomponist auch f\u00fcr die BEFIM t\u00e4tig ist. Er erhielt die Leitung im Jahr 1812 als Nachfolger von Rudi Rabe. Die bekanntesten St\u00fccke des SPO&#8217;s, das 1755 von Ulrich Niederhoff gegr\u00fcndet wurde, sind beispielsweise das Teest\u00e4ndchen, Alieninvasion, Wiesenhausener Marinemarsch, der Ehrenmarsch, der Song und Eine Reise durch die Pr\u00e4rie. Stand heute z\u00e4hlt das Orchester etwa 120 Mitglieder und weitere 100 Mitwirkende. Besonders beliebt sind auch die Ko-Produktionen mit der BEFIM oder dem Polsingerscherscher Hauptstadtorchester (PHO). Ber\u00fchmte Musiker des SPO&#8217;s sind Jochen <a class=\"more-link\" href=\"https:\/\/wiesenhausen.de\/?page_id=257\">Continue Reading \u2192<\/a><\/p>\n","protected":false},"author":1,"featured_media":0,"parent":0,"menu_order":0,"comment_status":"closed","ping_status":"closed","template":"","meta":{"footnotes":""},"class_list":["post-257","page","type-page","status-publish","hentry"],"_links":{"self":[{"href":"https:\/\/wiesenhausen.de\/index.php?rest_route=\/wp\/v2\/pages\/257","targetHints":{"allow":["GET"]}}],"collection":[{"href":"https:\/\/wiesenhausen.de\/index.php?rest_route=\/wp\/v2\/pages"}],"about":[{"href":"https:\/\/wiesenhausen.de\/index.php?rest_route=\/wp\/v2\/types\/page"}],"author":[{"embeddable":true,"href":"https:\/\/wiesenhausen.de\/index.php?rest_route=\/wp\/v2\/users\/1"}],"replies":[{"embeddable":true,"href":"https:\/\/wiesenhausen.de\/index.php?rest_route=%2Fwp%2Fv2%2Fcomments&post=257"}],"version-history":[{"count":0,"href":"https:\/\/wiesenhausen.de\/index.php?rest_route=\/wp\/v2\/pages\/257\/revisions"}],"wp:attachment":[{"href":"https:\/\/wiesenhausen.de\/index.php?rest_route=%2Fwp%2Fv2%2Fmedia&parent=257"}],"curies":[{"name":"wp","href":"https:\/\/api.w.org\/{rel}","templated":true}]}}