{"id":280,"date":"2014-10-21T16:59:46","date_gmt":"2014-10-21T16:59:46","guid":{"rendered":"http:\/\/192.168.2.101\/wordpress\/?page_id=280"},"modified":"2014-10-21T16:59:46","modified_gmt":"2014-10-21T16:59:46","slug":"hotels-unterkuenfte","status":"publish","type":"page","link":"https:\/\/wiesenhausen.de\/?page_id=280","title":{"rendered":"Hotels &#038; Unterk\u00fcnfte"},"content":{"rendered":"<p>In Meadowhouse gibt es eine ganze Reihe von ber\u00fchmten Hotels und Unterk\u00fcnften, die mit Komfort, aber teilweise auch mit Originalit\u00e4t \u00fcberzeugen. Die bekanntesten und renommiertesten Hotels werden hier aufgef\u00fchrt.<\/p>\n<p><strong>Hotel &#8222;Zur Geisterkette&#8220; auf Burg Daunenfels<\/strong><br \/>\n<strong>Adresse:<\/strong> Burg Daunenfels, Burghof S\u00fcd<br \/>\n<strong>Kosten pro Nacht:<\/strong> Von 30 bis 200 Tropalen<br \/>\n<strong>Weitere Beschreibung:<\/strong> Das Hotel &#8222;Zur Geisterkette&#8220; liegt im S\u00fcdburghof der Burg und ist einer alten Herberge nachempfunden. Geleitet wird das Hotel von Otto Koch, der auch als Burgkoch f\u00fcr K\u00f6nig Johannes I. arbeitet. Die Zimmer sind mittelalterlich gehalten, aber dennoch auf dem neusten Stand. Jeden Sonntag wird im Gastraum ein gro\u00dfes mittelalterliches Essen mit allen\u00a0G\u00e4sten veranstaltet. Das Hotel ist auch f\u00fcr Geister zu empfehlen.<\/p>\n<p><strong>Hotel &#8222;Zum Schopftintling&#8220; in Wiesenhausen-H\u00f6hlenpark<br \/>\nAdresse: <\/strong>Parkstra\u00dfe Nr. 24<br \/>\n<strong>Kosten pro Nacht: <\/strong>45 bis 320 Tropale<br \/>\n<strong>Weitere Beschreibung: <\/strong>Das Hotel &#8222;Zum Schopftintling&#8220; ist perfekt f\u00fcr Wanderer geeignet. Es liegt im Westen Wiesenhausens und bietet zahlreiche M\u00f6glichkeiten, verschiedenste Wandertouren zu unternehmen. Gleichzeitig hat man aber \u00fcber die, allerdings nicht zu nahe gelegene A1 die M\u00f6glichkeit, schnell ins Wiesenhausener Stadtzentrum zu kommen. Das Hotel ist also gut angebunden. Sein Name, der von einem Pilz stammt, kommt \u00fcbrigens auch nicht von ungef\u00e4hr. Seit mehr als siebzig Jahren steht das Hotel, mittlerweile in vierter Generation, f\u00fcr Pilzgerichte. Wenn man sich also f\u00fcr einen Urlaub dort entscheidet, sollte man unbedingt die selbst zubereiteten Pilze kosten.<\/p>\n<p><strong>Hotel &#8222;Excelsior&#8220; in Wiesenhausen-Drachenklippen<br \/>\nAdresse: <\/strong>Schanzenstra\u00dfe Nr. 16<br \/>\n<strong>Kosten pro Nacht: <\/strong>80 bis 500 Tropale<br \/>\n<strong>Weitere Beschreibung: <\/strong>Auch die Luxushotelkette &#8222;Excelsior&#8220; hat seit einigen Jahren einen Standort in Wiesenhausen. Das Hotel ist zentral gelegen und bietet vielerlei M\u00f6glichkeiten, sich Wiesenhausen anzuschauen. In der N\u00e4he befinden sich so zum Beispiel der Palaces Monda, der Marktplatz mit dem historischen Rathaus, die Zaubererakademie, Schloss Wiesenhausen und die Alte Kathedrale von Wiesenhausen. Das Hotel ist auch an das Verkehrsnetz gut angebunden. Nur zehn Minuten f\u00e4hrt man vom Flughafen Drachenebene zum Hotel.<\/p>\n<p><strong>Hotel &#8222;Zum Totenkopf&#8220; in Wiesenhausen-Geisterstadt<br \/>\nAdresse: <\/strong>D\u00fcsterwaldtunnel Nr. 52<br \/>\n<strong>Kosten pro Nacht: <\/strong>35 bis 280 Tropale<br \/>\n<strong>Weitere Beschreibung: <\/strong>Das Geisterhotel &#8222;Zum Totenkopf&#8220; ist \u00e4hnlich eingerichtet wie das auf Burg Daunenfels. Allerdings wird dieses Hotel meist nur von Geistern besucht, da es zentral im D\u00fcsterwald in der Geisterstadt liegt. Das Hotel erlangte auch deshalb Ber\u00fchmtheit, weil es schon bei vielen recht erfolgreichen Verfilmungen als Kulisse diente. Somit kann man sich dort wie im Film f\u00fchlen, erst recht, wenn man einige der Filme kennt, die dort gemacht wurden.<\/p>\n","protected":false},"excerpt":{"rendered":"<p>In Meadowhouse gibt es eine ganze Reihe von ber\u00fchmten Hotels und Unterk\u00fcnften, die mit Komfort, aber teilweise auch mit Originalit\u00e4t \u00fcberzeugen. Die bekanntesten und renommiertesten Hotels werden hier aufgef\u00fchrt. Hotel &#8222;Zur Geisterkette&#8220; auf Burg Daunenfels Adresse: Burg Daunenfels, Burghof S\u00fcd Kosten pro Nacht: Von 30 bis 200 Tropalen Weitere Beschreibung: Das Hotel &#8222;Zur Geisterkette&#8220; liegt im S\u00fcdburghof der Burg und ist einer alten Herberge nachempfunden. Geleitet wird das Hotel von Otto Koch, der auch als Burgkoch f\u00fcr K\u00f6nig Johannes I. arbeitet. Die Zimmer sind mittelalterlich gehalten, aber dennoch auf dem neusten Stand. Jeden Sonntag wird im Gastraum ein gro\u00dfes mittelalterliches Essen mit allen\u00a0G\u00e4sten veranstaltet. Das Hotel ist auch f\u00fcr Geister <a class=\"more-link\" href=\"https:\/\/wiesenhausen.de\/?page_id=280\">Continue Reading \u2192<\/a><\/p>\n","protected":false},"author":1,"featured_media":0,"parent":0,"menu_order":0,"comment_status":"closed","ping_status":"closed","template":"","meta":{"footnotes":""},"class_list":["post-280","page","type-page","status-publish","hentry"],"_links":{"self":[{"href":"https:\/\/wiesenhausen.de\/index.php?rest_route=\/wp\/v2\/pages\/280","targetHints":{"allow":["GET"]}}],"collection":[{"href":"https:\/\/wiesenhausen.de\/index.php?rest_route=\/wp\/v2\/pages"}],"about":[{"href":"https:\/\/wiesenhausen.de\/index.php?rest_route=\/wp\/v2\/types\/page"}],"author":[{"embeddable":true,"href":"https:\/\/wiesenhausen.de\/index.php?rest_route=\/wp\/v2\/users\/1"}],"replies":[{"embeddable":true,"href":"https:\/\/wiesenhausen.de\/index.php?rest_route=%2Fwp%2Fv2%2Fcomments&post=280"}],"version-history":[{"count":0,"href":"https:\/\/wiesenhausen.de\/index.php?rest_route=\/wp\/v2\/pages\/280\/revisions"}],"wp:attachment":[{"href":"https:\/\/wiesenhausen.de\/index.php?rest_route=%2Fwp%2Fv2%2Fmedia&parent=280"}],"curies":[{"name":"wp","href":"https:\/\/api.w.org\/{rel}","templated":true}]}}